CRAN Package Check Results for Package hilbertSimilarity

Last updated on 2023-01-27 10:50:18 CET.

Flavor Version Tinstall Tcheck Ttotal Status Flags
r-devel-linux-x86_64-debian-clang 0.4.3 18.58 184.76 203.34 NOTE
r-devel-linux-x86_64-debian-gcc 0.4.3 12.53 145.06 157.59 NOTE
r-devel-linux-x86_64-fedora-clang 0.4.3 260.24 NOTE
r-devel-linux-x86_64-fedora-gcc 0.4.3 281.47 NOTE
r-devel-windows-x86_64 0.4.3 49.00 253.00 302.00 NOTE
r-patched-linux-x86_64 0.4.3 16.25 192.42 208.67 NOTE
r-release-linux-x86_64 0.4.3 14.41 188.82 203.23 NOTE
r-release-macos-arm64 0.4.3 57.00 NOTE
r-release-macos-x86_64 0.4.3 84.00 NOTE
r-release-windows-x86_64 0.4.3 46.00 286.00 332.00 NOTE
r-oldrel-macos-arm64 0.4.3 74.00 NOTE
r-oldrel-macos-x86_64 0.4.3 168.00 NOTE
r-oldrel-windows-ix86+x86_64 0.4.3 47.00 253.00 300.00 NOTE

Check Details

Version: 0.4.3
Check: LazyData
Result: NOTE
     'LazyData' is specified without a 'data' directory
Flavors: r-devel-linux-x86_64-debian-clang, r-devel-linux-x86_64-debian-gcc, r-devel-linux-x86_64-fedora-clang, r-devel-linux-x86_64-fedora-gcc, r-devel-windows-x86_64, r-patched-linux-x86_64, r-release-linux-x86_64, r-release-macos-arm64, r-release-macos-x86_64, r-release-windows-x86_64, r-oldrel-macos-arm64, r-oldrel-macos-x86_64, r-oldrel-windows-ix86+x86_64

Version: 0.4.3
Check: C++ specification
Result: NOTE
     Specified C++11: please update to current default of C++17
Flavors: r-devel-linux-x86_64-debian-gcc, r-devel-linux-x86_64-fedora-gcc