CRAN Package Check Results for Package highlight

Last updated on 2020-09-26 09:48:56 CEST.

Flavor Version Tinstall Tcheck Ttotal Status Flags
r-devel-linux-x86_64-debian-clang 0.5.0 68.57 27.35 95.92 OK
r-devel-linux-x86_64-debian-gcc 0.5.0 57.11 21.29 78.40 OK
r-devel-linux-x86_64-fedora-clang 0.5.0 174.43 NOTE
r-devel-linux-x86_64-fedora-gcc 0.5.0 127.24 OK
r-devel-windows-ix86+x86_64 0.5.0 167.00 56.00 223.00 OK
r-patched-linux-x86_64 0.5.0 55.94 25.62 81.56 OK
r-patched-solaris-x86 0.5.0 175.30 OK
r-release-linux-x86_64 0.5.0 58.77 25.75 84.52 OK
r-release-macos-x86_64 0.5.0 NOTE
r-release-windows-ix86+x86_64 0.5.0 147.00 60.00 207.00 OK
r-oldrel-macos-x86_64 0.5.0 NOTE
r-oldrel-windows-ix86+x86_64 0.5.0 185.00 70.00 255.00 OK

Check Details

Version: 0.5.0
Check: installed package size
Result: NOTE
     installed size is 10.0Mb
     sub-directories of 1Mb or more:
     highlight 1.1Mb
     libs 8.7Mb
Flavors: r-devel-linux-x86_64-fedora-clang, r-release-macos-x86_64, r-oldrel-macos-x86_64