Last updated on 2023-01-27 10:50:18 CET.
Flavor | Version | Tinstall | Tcheck | Ttotal | Status | Flags |
---|---|---|---|---|---|---|
r-devel-linux-x86_64-debian-clang | 0.13.1 | 10.60 | 105.04 | 115.64 | OK | |
r-devel-linux-x86_64-debian-gcc | 0.13.1 | 8.91 | 79.23 | 88.14 | OK | |
r-devel-linux-x86_64-fedora-clang | 0.13.1 | 150.11 | NOTE | |||
r-devel-linux-x86_64-fedora-gcc | 0.13.1 | 145.45 | OK | |||
r-devel-windows-x86_64 | 0.13.1 | 35.00 | 131.00 | 166.00 | OK | |
r-patched-linux-x86_64 | 0.13.1 | 13.04 | 99.82 | 112.86 | OK | |
r-release-linux-x86_64 | 0.13.1 | 10.62 | 98.13 | 108.75 | OK | |
r-release-macos-arm64 | 0.13.1 | 43.00 | OK | |||
r-release-macos-x86_64 | 0.13.1 | 57.00 | OK | |||
r-release-windows-x86_64 | 0.13.1 | 43.00 | 137.00 | 180.00 | OK | |
r-oldrel-macos-arm64 | 0.13.1 | 49.00 | OK | |||
r-oldrel-macos-x86_64 | 0.13.1 | 92.00 | OK | |||
r-oldrel-windows-ix86+x86_64 | 0.13.1 | 23.00 | 131.00 | 154.00 | OK |
Version: 0.13.1
Check: Rd cross-references
Result: NOTE
Undeclared packages ‘sp’, ‘rgeos’ in Rd xrefs
Flavor: r-devel-linux-x86_64-fedora-clang