Last updated on 2024-04-24 10:22:56 CEST.
Flavor | Version | Tinstall | Tcheck | Ttotal | Status | Flags |
---|---|---|---|---|---|---|
r-devel-linux-x86_64-debian-clang | 1.1.6 | 93.79 | 164.74 | 258.53 | NOTE | --no-vignettes |
r-devel-linux-x86_64-debian-gcc | 1.1.6 | 68.63 | 117.79 | 186.42 | NOTE | --no-vignettes |
r-devel-linux-x86_64-fedora-clang | 1.1.6 | 343.81 | NOTE | --no-vignettes | ||
r-devel-linux-x86_64-fedora-gcc | 1.1.6 | 330.68 | NOTE | --no-vignettes | ||
r-devel-windows-x86_64 | 1.1.6 | 72.00 | 170.00 | 242.00 | NOTE | --no-vignettes |
r-patched-linux-x86_64 | 1.1.6 | 87.93 | 158.22 | 246.15 | NOTE | --no-vignettes |
r-release-linux-x86_64 | 1.1.6 | 92.19 | 167.81 | 260.00 | OK | --no-vignettes |
r-release-macos-arm64 | 1.1.6 | 1385.00 | OK | |||
r-release-windows-x86_64 | 1.1.6 | 69.00 | 195.00 | 264.00 | OK | --no-vignettes |
r-oldrel-macos-arm64 | 1.1.6 | 774.00 | OK | |||
r-oldrel-macos-x86_64 | 1.1.6 | 1803.00 | ERROR | |||
r-oldrel-windows-x86_64 | 1.1.6 | 87.00 | 196.00 | 283.00 | OK | --no-vignettes |
Version: 1.1.6
Flags: --no-vignettes
Check: Rd files
Result: NOTE
checkRd: (-1) mleHetGP.Rd:57: Lost braces; missing escapes or markup?
57 | Level \code{2} gives more details. Level {3} additionaly displays all details about initialization of hyperparameters.
| ^
checkRd: (-1) mleHetTP.Rd:61: Lost braces; missing escapes or markup?
61 | Level \code{2} gives more details. Level {3} additionaly displays all details about initialization of hyperparameters.
| ^
checkRd: (-1) mleHomTP.Rd:76: Lost braces; missing escapes or markup?
76 | \item \code{nit_opt}, \code{msg}: \code{counts} and {msg} returned by \code{\link[stats]{optim}}
| ^
Flavors: r-devel-linux-x86_64-debian-clang, r-devel-linux-x86_64-debian-gcc, r-devel-linux-x86_64-fedora-clang, r-devel-linux-x86_64-fedora-gcc, r-devel-windows-x86_64, r-patched-linux-x86_64
Version: 1.1.6
Check: re-building of vignette outputs
Result: ERROR
Error(s) in re-building vignettes:
...
--- re-building ‘hetGP_vignette.Rnw’ using knitr
Execution halted
* checking PDF version of manual ...* using check arguments '--no-clean-on-error '
Flavor: r-oldrel-macos-x86_64