CRAN Package Check Results for Package hellno

Last updated on 2023-05-30 11:00:13 CEST.

Flavor Version Tinstall Tcheck Ttotal Status Flags
r-devel-linux-x86_64-debian-clang 0.0.1 1.85 20.83 22.68 NOTE
r-devel-linux-x86_64-debian-gcc 0.0.1 1.28 16.33 17.61 NOTE
r-devel-linux-x86_64-fedora-clang 0.0.1 28.04 NOTE
r-devel-linux-x86_64-fedora-gcc 0.0.1 26.69 NOTE
r-devel-windows-x86_64 0.0.1 2.00 40.00 42.00 NOTE
r-patched-linux-x86_64 0.0.1 2.03 20.36 22.39 NOTE
r-release-linux-x86_64 0.0.1 1.50 20.13 21.63 NOTE
r-release-macos-arm64 0.0.1 16.00 NOTE
r-release-macos-x86_64 0.0.1 19.00 NOTE
r-release-windows-x86_64 0.0.1 3.00 39.00 42.00 NOTE
r-oldrel-macos-arm64 0.0.1 17.00 NOTE
r-oldrel-macos-x86_64 0.0.1 20.00 NOTE
r-oldrel-windows-x86_64 0.0.1 3.00 42.00 45.00 NOTE

Check Details

Version: 0.0.1
Check: LazyData
Result: NOTE
     'LazyData' is specified without a 'data' directory
Flavors: r-devel-linux-x86_64-debian-clang, r-devel-linux-x86_64-debian-gcc, r-devel-linux-x86_64-fedora-clang, r-devel-linux-x86_64-fedora-gcc, r-devel-windows-x86_64, r-patched-linux-x86_64, r-release-linux-x86_64, r-release-macos-arm64, r-release-macos-x86_64, r-release-windows-x86_64, r-oldrel-macos-arm64, r-oldrel-macos-x86_64, r-oldrel-windows-x86_64