Last updated on 2024-03-28 10:49:36 CET.
Flavor | Version | Tinstall | Tcheck | Ttotal | Status | Flags |
---|---|---|---|---|---|---|
r-devel-linux-x86_64-debian-clang | 0.6.0 | 1.74 | 34.97 | 36.71 | NOTE | |
r-devel-linux-x86_64-debian-gcc | 0.6.0 | 1.87 | 28.49 | 30.36 | NOTE | |
r-devel-linux-x86_64-fedora-clang | 0.6.0 | 49.93 | NOTE | |||
r-devel-linux-x86_64-fedora-gcc | 0.6.0 | 59.59 | NOTE | |||
r-devel-windows-x86_64 | 0.6.0 | 4.00 | 52.00 | 56.00 | NOTE | |
r-patched-linux-x86_64 | 0.6.0 | 1.98 | 35.47 | 37.45 | NOTE | |
r-release-linux-x86_64 | 0.6.0 | 2.34 | 34.79 | 37.13 | NOTE | |
r-release-macos-arm64 | 0.6.0 | 23.00 | NOTE | |||
r-release-macos-x86_64 | 0.6.0 | 37.00 | NOTE | |||
r-release-windows-x86_64 | 0.6.0 | 3.00 | 58.00 | 61.00 | NOTE | |
r-oldrel-macos-arm64 | 0.6.0 | 20.00 | NOTE | |||
r-oldrel-windows-x86_64 | 0.6.0 | 4.00 | 58.00 | 62.00 | NOTE |
Version: 0.6.0
Check: LazyData
Result: NOTE
'LazyData' is specified without a 'data' directory
Flavors: r-devel-linux-x86_64-debian-clang, r-devel-linux-x86_64-debian-gcc, r-devel-linux-x86_64-fedora-clang, r-devel-linux-x86_64-fedora-gcc, r-devel-windows-x86_64, r-patched-linux-x86_64, r-release-linux-x86_64, r-release-macos-arm64, r-release-macos-x86_64, r-release-windows-x86_64, r-oldrel-macos-arm64, r-oldrel-windows-x86_64
Version: 0.6.0
Check: Rd cross-references
Result: NOTE
Undeclared package ‘tibble’ in Rd xrefs
Flavor: r-devel-linux-x86_64-fedora-clang