CRAN Package Check Results for Package hdme

Last updated on 2023-01-28 10:51:31 CET.

Flavor Version Tinstall Tcheck Ttotal Status Flags
r-devel-linux-x86_64-debian-clang 0.5.0 27.65 198.09 225.74 OK
r-devel-linux-x86_64-debian-gcc 0.5.0 22.39 144.07 166.46 NOTE
r-devel-linux-x86_64-fedora-clang 0.5.0 298.50 OK
r-devel-linux-x86_64-fedora-gcc 0.5.0 301.10 NOTE
r-devel-windows-x86_64 0.5.0 38.00 238.00 276.00 OK
r-patched-linux-x86_64 0.5.0 26.72 184.14 210.86 OK
r-release-linux-x86_64 0.5.0 26.52 183.19 209.71 OK
r-release-macos-arm64 0.5.0 100.00 OK
r-release-macos-x86_64 0.5.0 104.00 OK
r-release-windows-x86_64 0.5.0 45.00 258.00 303.00 OK
r-oldrel-macos-arm64 0.5.0 85.00 OK
r-oldrel-macos-x86_64 0.5.0 108.00 OK
r-oldrel-windows-ix86+x86_64 0.5.0 79.00 343.00 422.00 OK

Check Details

Version: 0.5.0
Check: C++ specification
Result: NOTE
     Specified C++11: please update to current default of C++17
Flavors: r-devel-linux-x86_64-debian-gcc, r-devel-linux-x86_64-fedora-gcc