CRAN Package Check Results for Package haven

Last updated on 2020-08-05 10:06:00 CEST.

Flavor Version Tinstall Tcheck Ttotal Status Flags
r-devel-linux-x86_64-debian-clang 2.3.1 54.33 49.07 103.40 NOTE
r-devel-linux-x86_64-debian-gcc 2.3.1 41.81 37.29 79.10 NOTE
r-devel-linux-x86_64-fedora-clang 2.3.1 145.32 NOTE
r-devel-linux-x86_64-fedora-gcc 2.3.1 129.06 NOTE
r-devel-windows-ix86+x86_64 2.3.1 164.00 127.00 291.00 NOTE
r-patched-linux-x86_64 2.3.1 43.80 46.98 90.78 NOTE
r-patched-solaris-x86 2.3.1 142.30 NOTE
r-release-linux-x86_64 2.3.1 43.83 47.63 91.46 NOTE
r-release-macos-x86_64 2.3.1 NOTE
r-release-windows-ix86+x86_64 2.3.1 169.00 96.00 265.00 NOTE
r-oldrel-macos-x86_64 2.3.1 NOTE
r-oldrel-windows-ix86+x86_64 2.3.1 120.00 83.00 203.00 NOTE

Check Details

Version: 2.3.1
Check: for GNU extensions in Makefiles
Result: NOTE
    GNU make is a SystemRequirements.
Flavors: r-devel-linux-x86_64-debian-clang, r-devel-linux-x86_64-debian-gcc, r-devel-linux-x86_64-fedora-clang, r-devel-linux-x86_64-fedora-gcc, r-devel-windows-ix86+x86_64, r-patched-linux-x86_64, r-patched-solaris-x86, r-release-linux-x86_64, r-release-macos-x86_64, r-release-windows-ix86+x86_64, r-oldrel-macos-x86_64, r-oldrel-windows-ix86+x86_64

Version: 2.3.1
Check: Rd cross-references
Result: NOTE
    Undeclared package ‘dplyr’ in Rd xrefs
Flavor: r-devel-linux-x86_64-fedora-clang