Last updated on 2022-08-07 09:54:00 CEST.
Flavor | Version | Tinstall | Tcheck | Ttotal | Status | Flags |
---|---|---|---|---|---|---|
r-devel-linux-x86_64-debian-clang | 1.6.1 | 25.48 | 358.92 | 384.40 | OK | |
r-devel-linux-x86_64-debian-gcc | 1.6.1 | 18.86 | 271.98 | 290.84 | OK | |
r-devel-linux-x86_64-fedora-clang | 1.6.1 | 444.74 | OK | |||
r-devel-linux-x86_64-fedora-gcc | 1.6.1 | 480.04 | OK | |||
r-devel-windows-x86_64 | 1.6.1 | 66.00 | 405.00 | 471.00 | OK | |
r-patched-linux-x86_64 | 1.6.1 | 26.78 | 334.65 | 361.43 | OK | |
r-release-linux-x86_64 | 1.6.1 | 22.17 | 333.23 | 355.40 | OK | |
r-release-macos-arm64 | 1.6.1 | 119.00 | WARN | |||
r-release-macos-x86_64 | 1.6.1 | 151.00 | OK | |||
r-release-windows-x86_64 | 1.6.1 | 219.00 | 394.00 | 613.00 | OK | |
r-oldrel-macos-arm64 | 1.6.1 | 112.00 | OK | |||
r-oldrel-macos-x86_64 | 1.6.1 | 163.00 | OK | |||
r-oldrel-windows-ix86+x86_64 | 1.6.1 | 44.00 | 400.00 | 444.00 | OK |
Version: 1.6.1
Check: dependencies in R code
Result: WARN
Missing or unexported object: ‘parameters::standardize_parameters’
Flavor: r-release-macos-arm64