Last updated on 2023-01-31 10:52:11 CET.
Flavor | Version | Tinstall | Tcheck | Ttotal | Status | Flags |
---|---|---|---|---|---|---|
r-devel-linux-x86_64-debian-clang | 2.2.1 | 345.26 | 101.75 | 447.01 | NOTE | |
r-devel-linux-x86_64-debian-gcc | 2.2.1 | 253.76 | 83.77 | 337.53 | NOTE | |
r-devel-linux-x86_64-fedora-clang | 2.2.1 | 667.99 | NOTE | |||
r-devel-linux-x86_64-fedora-gcc | 2.2.1 | 598.75 | NOTE | |||
r-devel-windows-x86_64 | 2.2.1 | 362.00 | 182.00 | 544.00 | NOTE | |
r-patched-linux-x86_64 | 2.2.1 | 268.63 | 102.82 | 371.45 | NOTE | |
r-release-linux-x86_64 | 2.2.1 | 265.85 | 102.49 | 368.34 | NOTE | |
r-release-macos-arm64 | 2.2.1 | 152.00 | NOTE | |||
r-release-macos-x86_64 | 2.2.1 | 182.00 | NOTE | |||
r-release-windows-x86_64 | 2.2.1 | 396.00 | 175.00 | 571.00 | NOTE | |
r-oldrel-macos-arm64 | 2.2.1 | 143.00 | NOTE | |||
r-oldrel-macos-x86_64 | 2.2.1 | 180.00 | NOTE | |||
r-oldrel-windows-ix86+x86_64 | 2.2.1 | 804.00 | 191.00 | 995.00 | NOTE |
Version: 2.2.1
Check: C++ specification
Result: NOTE
Specified C++11: please update to current default of C++17
Flavors: r-devel-linux-x86_64-debian-clang, r-devel-linux-x86_64-debian-gcc, r-devel-linux-x86_64-fedora-clang, r-devel-linux-x86_64-fedora-gcc, r-devel-windows-x86_64
Version: 2.2.1
Check: for GNU extensions in Makefiles
Result: NOTE
GNU make is a SystemRequirements.
Flavors: r-devel-linux-x86_64-debian-clang, r-devel-linux-x86_64-debian-gcc, r-devel-linux-x86_64-fedora-clang, r-devel-linux-x86_64-fedora-gcc, r-devel-windows-x86_64, r-patched-linux-x86_64, r-release-linux-x86_64, r-release-macos-arm64, r-release-macos-x86_64, r-release-windows-x86_64, r-oldrel-macos-arm64, r-oldrel-macos-x86_64, r-oldrel-windows-ix86+x86_64
Version: 2.2.1
Check: installed package size
Result: NOTE
installed size is 32.2Mb
sub-directories of 1Mb or more:
libs 31.7Mb
Flavors: r-release-macos-arm64, r-release-macos-x86_64, r-oldrel-macos-arm64, r-oldrel-macos-x86_64