CRAN Package Check Results for Package grf

Last updated on 2022-01-22 09:54:06 CET.

Flavor Version Tinstall Tcheck Ttotal Status Flags
r-devel-linux-x86_64-debian-clang 2.0.2 323.94 94.11 418.05 NOTE
r-devel-linux-x86_64-debian-gcc 2.0.2 220.60 77.32 297.92 NOTE
r-devel-linux-x86_64-fedora-clang 2.0.2 672.94 NOTE
r-devel-linux-x86_64-fedora-gcc 2.0.2 537.21 NOTE
r-devel-windows-x86_64-new-UL 2.0.2 361.00 151.00 512.00 NOTE
r-devel-windows-x86_64-new-TK 2.0.2 NOTE
r-patched-linux-x86_64 2.0.2 282.10 98.04 380.14 NOTE
r-release-linux-x86_64 2.0.2 275.28 98.99 374.27 NOTE
r-release-macos-arm64 2.0.2 NOTE
r-release-macos-x86_64 2.0.2 NOTE
r-release-windows-ix86+x86_64 2.0.2 769.00 170.00 939.00 NOTE
r-oldrel-macos-x86_64 2.0.2 NOTE
r-oldrel-windows-ix86+x86_64 2.0.2 763.00 171.00 934.00 NOTE

Check Details

Version: 2.0.2
Check: for GNU extensions in Makefiles
Result: NOTE
    GNU make is a SystemRequirements.
Flavors: r-devel-linux-x86_64-debian-clang, r-devel-linux-x86_64-debian-gcc, r-devel-linux-x86_64-fedora-clang, r-devel-linux-x86_64-fedora-gcc, r-devel-windows-x86_64-new-UL, r-devel-windows-x86_64-new-TK, r-patched-linux-x86_64, r-release-linux-x86_64, r-release-macos-arm64, r-release-macos-x86_64, r-release-windows-ix86+x86_64, r-oldrel-macos-x86_64, r-oldrel-windows-ix86+x86_64

Version: 2.0.2
Check: installed package size
Result: NOTE
     installed size is 28.3Mb
     sub-directories of 1Mb or more:
     libs 27.8Mb
Flavors: r-devel-linux-x86_64-fedora-clang, r-release-macos-arm64, r-release-macos-x86_64, r-oldrel-macos-x86_64