CRAN Package Check Results for Package greport

Last updated on 2020-08-07 10:07:31 CEST.

Flavor Version Tinstall Tcheck Ttotal Status Flags
r-devel-linux-x86_64-debian-clang 0.7-2 16.19 113.53 129.72 NOTE
r-devel-linux-x86_64-debian-gcc 0.7-2 13.40 84.40 97.80 NOTE
r-devel-linux-x86_64-fedora-clang 0.7-2 162.62 NOTE
r-devel-linux-x86_64-fedora-gcc 0.7-2 149.14 NOTE
r-devel-windows-ix86+x86_64 0.7-2 51.00 121.00 172.00 NOTE
r-patched-linux-x86_64 0.7-2 10.30 111.39 121.69 NOTE
r-patched-solaris-x86 0.7-2 223.70 NOTE
r-release-linux-x86_64 0.7-2 10.52 109.60 120.12 NOTE
r-release-macos-x86_64 0.7-2 NOTE
r-release-windows-ix86+x86_64 0.7-2 33.00 157.00 190.00 NOTE
r-oldrel-macos-x86_64 0.7-2 NOTE
r-oldrel-windows-ix86+x86_64 0.7-2 29.00 115.00 144.00 NOTE

Check Details

Version: 0.7-2
Check: R code for possible problems
Result: NOTE
    accrualReport: multiple local function definitions for 'gg' with
     different formal arguments
Flavors: r-devel-linux-x86_64-debian-clang, r-devel-linux-x86_64-debian-gcc, r-devel-linux-x86_64-fedora-clang, r-devel-linux-x86_64-fedora-gcc, r-devel-windows-ix86+x86_64, r-patched-linux-x86_64, r-patched-solaris-x86, r-release-linux-x86_64, r-release-macos-x86_64, r-release-windows-ix86+x86_64, r-oldrel-macos-x86_64, r-oldrel-windows-ix86+x86_64