Last updated on 2023-02-08 10:57:29 CET.
Flavor | Version | Tinstall | Tcheck | Ttotal | Status | Flags |
---|---|---|---|---|---|---|
r-devel-linux-x86_64-debian-clang | 0.8.4 | 86.13 | 52.45 | 138.58 | OK | |
r-devel-linux-x86_64-debian-gcc | 0.8.4 | 60.66 | 40.24 | 100.90 | OK | |
r-devel-linux-x86_64-fedora-clang | 0.8.4 | 196.25 | OK | |||
r-devel-linux-x86_64-fedora-gcc | 0.8.4 | 174.13 | OK | |||
r-devel-windows-x86_64 | 0.8.4 | 95.00 | 104.00 | 199.00 | OK | |
r-patched-linux-x86_64 | 0.8.4 | 65.29 | 48.83 | 114.12 | OK | |
r-release-linux-x86_64 | 0.8.4 | 66.11 | 50.92 | 117.03 | OK | |
r-release-macos-arm64 | 0.8.4 | 46.00 | NOTE | |||
r-release-macos-x86_64 | 0.8.4 | 62.00 | NOTE | |||
r-release-windows-x86_64 | 0.8.4 | 89.00 | 109.00 | 198.00 | OK | |
r-oldrel-macos-arm64 | 0.8.4 | 49.00 | NOTE | |||
r-oldrel-macos-x86_64 | 0.8.4 | 64.00 | NOTE | |||
r-oldrel-windows-ix86+x86_64 | 0.8.4 | 186.00 | 120.00 | 306.00 | OK |
Version: 0.8.4
Check: installed package size
Result: NOTE
installed size is 5.8Mb
sub-directories of 1Mb or more:
help 2.4Mb
libs 3.2Mb
Flavors: r-release-macos-arm64, r-release-macos-x86_64, r-oldrel-macos-arm64, r-oldrel-macos-x86_64