Last updated on 2023-03-23 10:54:32 CET.
Flavor | Version | Tinstall | Tcheck | Ttotal | Status | Flags |
---|---|---|---|---|---|---|
r-devel-linux-x86_64-debian-clang | 0.3 | 47.67 | 125.24 | 172.91 | NOTE | |
r-devel-linux-x86_64-debian-gcc | 0.3 | 36.52 | 93.24 | 129.76 | NOTE | |
r-devel-linux-x86_64-fedora-clang | 0.3 | 238.10 | NOTE | |||
r-devel-linux-x86_64-fedora-gcc | 0.3 | 209.00 | NOTE | |||
r-patched-linux-x86_64 | 0.3 | 38.49 | 119.28 | 157.77 | OK | |
r-release-linux-x86_64 | 0.3 | 35.68 | 116.42 | 152.10 | OK | |
r-release-macos-arm64 | 0.3 | 57.00 | OK | |||
r-release-macos-x86_64 | 0.3 | 98.00 | OK | |||
r-release-windows-x86_64 | 0.3 | 51.00 | 169.00 | 220.00 | OK | |
r-oldrel-macos-arm64 | 0.3 | 64.00 | OK | |||
r-oldrel-macos-x86_64 | 0.3 | 77.00 | OK | |||
r-oldrel-windows-ix86+x86_64 | 0.3 | 112.00 | 204.00 | 316.00 | OK |
Version: 0.3
Check: C++ specification
Result: NOTE
Specified C++11: please drop specification unless essential
Flavors: r-devel-linux-x86_64-debian-clang, r-devel-linux-x86_64-debian-gcc, r-devel-linux-x86_64-fedora-clang, r-devel-linux-x86_64-fedora-gcc
Version: 0.3
Check: Rd files
Result: NOTE
checkRd: (-1) mlGraphicalVAR.Rd:79: Escaped LaTeX specials: \~
Flavors: r-devel-linux-x86_64-debian-clang, r-devel-linux-x86_64-debian-gcc, r-devel-linux-x86_64-fedora-clang, r-devel-linux-x86_64-fedora-gcc