Last updated on 2024-04-23 10:54:04 CEST.
Flavor | Version | Tinstall | Tcheck | Ttotal | Status | Flags |
---|---|---|---|---|---|---|
r-devel-linux-x86_64-debian-clang | 0.2.5 | 19.60 | 195.68 | 215.28 | NOTE | |
r-devel-linux-x86_64-debian-gcc | 0.2.5 | 15.89 | 144.40 | 160.29 | NOTE | |
r-devel-linux-x86_64-fedora-clang | 0.2.5 | 310.26 | NOTE | |||
r-devel-linux-x86_64-fedora-gcc | 0.2.5 | 283.09 | NOTE | |||
r-prerel-macos-arm64 | 0.2.5 | 74.00 | NOTE | |||
r-prerel-macos-x86_64 | 0.2.5 | 233.00 | NOTE | |||
r-prerel-windows-x86_64 | 0.2.5 | 25.00 | 168.00 | 193.00 | OK | |
r-patched-linux-x86_64 | 0.2.5 | 23.50 | 190.19 | 213.69 | OK | |
r-release-linux-x86_64 | 0.2.5 | 14.15 | 189.02 | 203.17 | OK | |
r-release-macos-arm64 | 0.2.5 | 90.00 | NOTE | |||
r-release-macos-x86_64 | 0.2.5 | 158.00 | NOTE | |||
r-release-windows-x86_64 | 0.2.5 | 30.00 | 211.00 | 241.00 | OK | |
r-oldrel-macos-arm64 | 0.2.5 | 82.00 | NOTE | |||
r-oldrel-windows-x86_64 | 0.2.5 | 26.00 | 188.00 | 214.00 | OK |
Version: 0.2.5
Check: package dependencies
Result: NOTE
Packages suggested but not available for checking:
'DESeq2', 'clusterProfiler', 'biomaRt'
Flavor: r-devel-linux-x86_64-debian-clang
Version: 0.2.5
Check: Rd cross-references
Result: NOTE
Package unavailable to check Rd xrefs: ‘clusterProfiler’
Unknown package ‘DESeq2’ in Rd xrefs
Flavor: r-devel-linux-x86_64-debian-clang
Version: 0.2.5
Check: compiled code
Result: NOTE
File ‘grandR/libs/grandR.so’:
Found non-API call to R: ‘SETLENGTH’
Compiled code should not call non-API entry points in R.
See ‘Writing portable packages’ in the ‘Writing R Extensions’ manual.
Flavors: r-devel-linux-x86_64-debian-gcc, r-devel-linux-x86_64-fedora-clang, r-devel-linux-x86_64-fedora-gcc
Version: 0.2.5
Check: package dependencies
Result: NOTE
Package suggested but not available for checking: ‘monocle’
Flavors: r-devel-linux-x86_64-fedora-clang, r-devel-linux-x86_64-fedora-gcc, r-prerel-macos-arm64, r-prerel-macos-x86_64, r-release-macos-arm64, r-release-macos-x86_64, r-oldrel-macos-arm64
Version: 0.2.5
Check: Rd cross-references
Result: NOTE
Package unavailable to check Rd xrefs: ‘monocle’
Flavors: r-devel-linux-x86_64-fedora-clang, r-devel-linux-x86_64-fedora-gcc, r-prerel-macos-arm64, r-prerel-macos-x86_64, r-release-macos-arm64, r-release-macos-x86_64, r-oldrel-macos-arm64