Last updated on 2024-05-11 09:51:21 CEST.
Flavor | Version | Tinstall | Tcheck | Ttotal | Status | Flags |
---|---|---|---|---|---|---|
r-devel-linux-x86_64-debian-clang | 1.0 | 5.03 | 85.62 | 90.65 | NOTE | |
r-devel-linux-x86_64-debian-gcc | 1.0 | 4.27 | 60.63 | 64.90 | NOTE | |
r-devel-linux-x86_64-fedora-clang | 1.0 | 119.67 | NOTE | |||
r-devel-linux-x86_64-fedora-gcc | 1.0 | 126.08 | NOTE | |||
r-devel-windows-x86_64 | 1.0 | 7.00 | 102.00 | 109.00 | NOTE | |
r-patched-linux-x86_64 | 1.0 | 10.63 | 82.76 | 93.39 | NOTE | |
r-release-linux-x86_64 | 1.0 | 5.69 | 81.68 | 87.37 | NOTE | |
r-release-macos-arm64 | 1.0 | 31.00 | NOTE | |||
r-release-windows-x86_64 | 1.0 | 7.00 | 96.00 | 103.00 | NOTE | |
r-oldrel-macos-arm64 | 1.0 | 34.00 | OK | |||
r-oldrel-macos-x86_64 | 1.0 | 123.00 | OK | |||
r-oldrel-windows-x86_64 | 1.0 | 8.00 | 112.00 | 120.00 | OK |
Version: 1.0
Check: Rd files
Result: NOTE
checkRd: (-1) compute_lower_bound_1tree.Rd:31: Lost braces; missing escapes or markup?
31 | instance from vertex 1. Internally, it creates the graph Kn-{v1}
| ^
Flavors: r-devel-linux-x86_64-debian-clang, r-devel-linux-x86_64-debian-gcc, r-devel-linux-x86_64-fedora-clang, r-devel-linux-x86_64-fedora-gcc, r-devel-windows-x86_64, r-patched-linux-x86_64, r-release-linux-x86_64, r-release-macos-arm64, r-release-windows-x86_64