CRAN Package Check Results for Package goffda

Last updated on 2020-08-07 10:07:30 CEST.

Flavor Version Tinstall Tcheck Ttotal Status Flags
r-devel-linux-x86_64-debian-clang 0.0.7 38.92 105.38 144.30 OK
r-devel-linux-x86_64-debian-gcc 0.0.7 29.93 79.29 109.22 OK
r-devel-linux-x86_64-fedora-clang 0.0.7 195.60 NOTE
r-devel-linux-x86_64-fedora-gcc 0.0.7 179.71 NOTE
r-devel-windows-ix86+x86_64 0.0.7 98.00 182.00 280.00 OK
r-patched-linux-x86_64 0.0.7 31.48 102.14 133.62 OK
r-patched-solaris-x86 0.0.7 225.30 NOTE
r-release-linux-x86_64 0.0.7 30.90 103.29 134.19 OK
r-release-macos-x86_64 0.0.7 NOTE
r-release-windows-ix86+x86_64 0.0.7 97.00 227.00 324.00 OK
r-oldrel-macos-x86_64 0.0.7 NOTE
r-oldrel-windows-ix86+x86_64 0.0.7 70.00 172.00 242.00 OK

Check Details

Version: 0.0.7
Check: data for non-ASCII characters
Result: NOTE
     Note: found 1352 marked UTF-8 strings
Flavors: r-devel-linux-x86_64-fedora-clang, r-devel-linux-x86_64-fedora-gcc, r-patched-solaris-x86, r-release-macos-x86_64, r-oldrel-macos-x86_64