CRAN Package Check Results for Package gmodels

Last updated on 2020-08-07 10:07:30 CEST.

Flavor Version Tinstall Tcheck Ttotal Status Flags
r-devel-linux-x86_64-debian-clang 2.18.1 3.68 30.57 34.25 OK
r-devel-linux-x86_64-debian-gcc 2.18.1 3.01 22.73 25.74 OK
r-devel-linux-x86_64-fedora-clang 2.18.1 48.32 NOTE
r-devel-linux-x86_64-fedora-gcc 2.18.1 39.43 OK
r-devel-windows-ix86+x86_64 2.18.1 9.00 42.00 51.00 OK
r-patched-linux-x86_64 2.18.1 3.73 29.30 33.03 OK
r-patched-solaris-x86 2.18.1 56.80 OK
r-release-linux-x86_64 2.18.1 3.61 29.05 32.66 OK
r-release-macos-x86_64 2.18.1 OK
r-release-windows-ix86+x86_64 2.18.1 10.00 43.00 53.00 OK
r-oldrel-macos-x86_64 2.18.1 OK
r-oldrel-windows-ix86+x86_64 2.18.1 6.00 39.00 45.00 OK

Check Details

Version: 2.18.1
Check: Rd cross-references
Result: NOTE
    Undeclared package ‘rms’ in Rd xrefs
Flavor: r-devel-linux-x86_64-fedora-clang