Last updated on 2024-04-23 10:54:04 CEST.
Flavor | Version | Tinstall | Tcheck | Ttotal | Status | Flags |
---|---|---|---|---|---|---|
r-devel-linux-x86_64-debian-clang | 1.1-3.2 | 12.78 | 110.76 | 123.54 | OK | |
r-devel-linux-x86_64-debian-gcc | 1.1-3.2 | 10.90 | 81.33 | 92.23 | OK | |
r-devel-linux-x86_64-fedora-clang | 1.1-3.2 | 155.70 | NOTE | |||
r-devel-linux-x86_64-fedora-gcc | 1.1-3.2 | 151.78 | OK | |||
r-prerel-macos-arm64 | 1.1-3.2 | 43.00 | OK | |||
r-prerel-windows-x86_64 | 1.1-3.2 | 15.00 | 92.00 | 107.00 | OK | |
r-patched-linux-x86_64 | 1.1-3.2 | 12.65 | 105.01 | 117.66 | OK | |
r-release-linux-x86_64 | 1.1-3.2 | 14.25 | 109.31 | 123.56 | OK | |
r-release-macos-arm64 | 1.1-3.2 | 46.00 | OK | |||
r-release-macos-x86_64 | 1.1-3.2 | 71.00 | OK | |||
r-release-windows-x86_64 | 1.1-3.2 | 17.00 | 113.00 | 130.00 | OK | |
r-oldrel-macos-arm64 | 1.1-3.2 | 41.00 | OK | |||
r-oldrel-windows-x86_64 | 1.1-3.2 | 17.00 | 112.00 | 129.00 | OK |
Version: 1.1-3.2
Check: Rd cross-references
Result: NOTE
Undeclared package ‘sandwich’ in Rd xrefs
Flavor: r-devel-linux-x86_64-fedora-clang