CRAN Package Check Results for Package glmtree

Last updated on 2023-01-27 10:50:17 CET.

Flavor Version Tinstall Tcheck Ttotal Status Flags
r-devel-linux-x86_64-debian-clang 0.2 2.45 144.55 147.00 NOTE
r-devel-linux-x86_64-debian-gcc 0.2 1.73 105.49 107.22 NOTE
r-devel-linux-x86_64-fedora-clang 0.2 185.87 NOTE
r-devel-linux-x86_64-fedora-gcc 0.2 179.36 NOTE
r-devel-windows-x86_64 0.2 11.00 168.00 179.00 NOTE
r-patched-linux-x86_64 0.2 2.42 144.49 146.91 NOTE
r-release-linux-x86_64 0.2 2.31 140.44 142.75 NOTE
r-release-macos-arm64 0.2 48.00 NOTE
r-release-macos-x86_64 0.2 86.00 NOTE
r-release-windows-x86_64 0.2 15.00 180.00 195.00 NOTE
r-oldrel-macos-arm64 0.2 62.00 NOTE
r-oldrel-macos-x86_64 0.2 81.00 NOTE
r-oldrel-windows-ix86+x86_64 0.2 9.00 175.00 184.00 NOTE

Check Details

Version: 0.2
Check: LazyData
Result: NOTE
     'LazyData' is specified without a 'data' directory
Flavors: r-devel-linux-x86_64-debian-clang, r-devel-linux-x86_64-debian-gcc, r-devel-linux-x86_64-fedora-clang, r-devel-linux-x86_64-fedora-gcc, r-devel-windows-x86_64, r-patched-linux-x86_64, r-release-linux-x86_64, r-release-macos-arm64, r-release-macos-x86_64, r-release-windows-x86_64, r-oldrel-macos-arm64, r-oldrel-macos-x86_64, r-oldrel-windows-ix86+x86_64