CRAN Package Check Results for Package glmmTMB

Last updated on 2020-09-19 10:48:05 CEST.

Flavor Version Tinstall Tcheck Ttotal Status Flags
r-devel-linux-x86_64-debian-clang 1.0.2.1 162.09 450.82 612.91 OK
r-devel-linux-x86_64-debian-gcc 1.0.2.1 160.74 365.47 526.21 OK
r-devel-linux-x86_64-fedora-clang 1.0.2.1 678.77 NOTE
r-devel-linux-x86_64-fedora-gcc 1.0.2.1 879.75 OK
r-devel-windows-ix86+x86_64 1.0.2.1 323.00 535.00 858.00 NOTE --no-vignettes
r-patched-linux-x86_64 1.0.2.1 169.58 468.14 637.72 OK
r-patched-solaris-x86 1.0.2.1 1126.30 NOTE
r-release-linux-x86_64 1.0.2.1 168.20 464.00 632.20 OK
r-release-macos-x86_64 1.0.2.1 NOTE
r-release-windows-ix86+x86_64 1.0.2.1 311.00 486.00 797.00 NOTE --no-vignettes
r-oldrel-macos-x86_64 1.0.2.1 NOTE
r-oldrel-windows-ix86+x86_64 1.0.2.1 213.00 591.00 804.00 NOTE --no-vignettes

Check Details

Version: 1.0.2.1
Check: installed package size
Result: NOTE
     installed size is 48.9Mb
     sub-directories of 1Mb or more:
     doc 1.2Mb
     libs 45.3Mb
     test_data 1.2Mb
Flavors: r-devel-linux-x86_64-fedora-clang, r-patched-solaris-x86, r-release-macos-x86_64, r-oldrel-macos-x86_64

Version: 1.0.2.1
Flags: --no-vignettes
Check: installed package size
Result: NOTE
     installed size is 25.3Mb
     sub-directories of 1Mb or more:
     doc 1.2Mb
     libs 21.7Mb
     test_data 1.2Mb
Flavors: r-devel-windows-ix86+x86_64, r-release-windows-ix86+x86_64, r-oldrel-windows-ix86+x86_64