Last updated on 2024-03-28 10:49:35 CET.
Flavor | Version | Tinstall | Tcheck | Ttotal | Status | Flags |
---|---|---|---|---|---|---|
r-devel-linux-x86_64-debian-clang | 1.6.3 | 92.78 | 170.28 | 263.06 | OK | |
r-devel-linux-x86_64-debian-gcc | 1.6.3 | 67.25 | 127.84 | 195.09 | OK | |
r-devel-linux-x86_64-fedora-clang | 1.6.3 | 322.56 | NOTE | |||
r-devel-linux-x86_64-fedora-gcc | 1.6.3 | 333.16 | OK | |||
r-devel-windows-x86_64 | 1.6.3 | 62.00 | 132.00 | 194.00 | OK | |
r-patched-linux-x86_64 | 1.6.3 | 79.84 | 170.88 | 250.72 | OK | |
r-release-linux-x86_64 | 1.6.3 | 84.44 | 168.02 | 252.46 | OK | |
r-release-macos-arm64 | 1.6.3 | 73.00 | NOTE | |||
r-release-macos-x86_64 | 1.6.3 | 179.00 | NOTE | |||
r-release-windows-x86_64 | 1.6.3 | 86.00 | 171.00 | 257.00 | OK | |
r-oldrel-macos-arm64 | 1.6.3 | 68.00 | NOTE | |||
r-oldrel-windows-x86_64 | 1.6.3 | 84.00 | 167.00 | 251.00 | OK |
Version: 1.6.3
Check: Rd cross-references
Result: NOTE
Undeclared package ‘GMMBoost’ in Rd xrefs
Flavor: r-devel-linux-x86_64-fedora-clang
Version: 1.6.3
Check: installed package size
Result: NOTE
installed size is 7.9Mb
sub-directories of 1Mb or more:
libs 7.3Mb
Flavors: r-release-macos-arm64, r-release-macos-x86_64, r-oldrel-macos-arm64