CRAN Package Check Results for Package giscoR

Last updated on 2023-03-29 09:50:49 CEST.

Flavor Version Tinstall Tcheck Ttotal Status Flags
r-devel-linux-x86_64-debian-clang 0.3.3 4.71 57.48 62.19 OK
r-devel-linux-x86_64-debian-gcc 0.3.3 3.27 43.71 46.98 OK
r-devel-linux-x86_64-fedora-clang 0.3.3 75.50 NOTE
r-devel-linux-x86_64-fedora-gcc 0.3.3 82.68 NOTE
r-devel-windows-x86_64 0.3.3 30.00 0.00 30.00 OK
r-patched-linux-x86_64 0.3.3 4.24 57.16 61.40 OK
r-release-linux-x86_64 0.3.3 4.18 53.18 57.36 OK
r-release-macos-arm64 0.3.3 37.00 OK
r-release-macos-x86_64 0.3.3 46.00 OK
r-release-windows-x86_64 0.3.3 29.00 83.00 112.00 OK
r-oldrel-macos-arm64 0.3.3 44.00 OK
r-oldrel-macos-x86_64 0.3.3 51.00 OK
r-oldrel-windows-ix86+x86_64 0.3.3 8.00 89.00 97.00 OK

Check Details

Version: 0.3.3
Check: data for non-ASCII characters
Result: NOTE
     Note: found 1178 marked UTF-8 strings
Flavors: r-devel-linux-x86_64-fedora-clang, r-devel-linux-x86_64-fedora-gcc