CRAN Package Check Results for Package gimmeTools

Last updated on 2023-01-29 11:07:36 CET.

Flavor Version Tinstall Tcheck Ttotal Status Flags
r-devel-linux-x86_64-debian-clang 0.1 5.53 45.26 50.79 NOTE
r-devel-linux-x86_64-debian-gcc 0.1 4.11 34.11 38.22 NOTE
r-devel-linux-x86_64-fedora-clang 0.1 62.15 NOTE
r-devel-linux-x86_64-fedora-gcc 0.1 61.58 NOTE
r-devel-windows-x86_64 0.1 13.00 74.00 87.00 NOTE
r-patched-linux-x86_64 0.1 5.83 44.80 50.63 NOTE
r-release-linux-x86_64 0.1 5.65 44.79 50.44 NOTE
r-release-macos-arm64 0.1 22.00 NOTE
r-release-macos-x86_64 0.1 42.00 NOTE
r-release-windows-x86_64 0.1 14.00 77.00 91.00 NOTE
r-oldrel-macos-arm64 0.1 23.00 NOTE
r-oldrel-macos-x86_64 0.1 42.00 NOTE
r-oldrel-windows-ix86+x86_64 0.1 14.00 72.00 86.00 NOTE

Check Details

Version: 0.1
Check: LazyData
Result: NOTE
     'LazyData' is specified without a 'data' directory
Flavors: r-devel-linux-x86_64-debian-clang, r-devel-linux-x86_64-debian-gcc, r-devel-linux-x86_64-fedora-clang, r-devel-linux-x86_64-fedora-gcc, r-devel-windows-x86_64, r-patched-linux-x86_64, r-release-linux-x86_64, r-release-macos-arm64, r-release-macos-x86_64, r-release-windows-x86_64, r-oldrel-macos-arm64, r-oldrel-macos-x86_64, r-oldrel-windows-ix86+x86_64