Last updated on 2024-04-18 10:49:49 CEST.
Flavor | Version | Tinstall | Tcheck | Ttotal | Status | Flags |
---|---|---|---|---|---|---|
r-devel-linux-x86_64-debian-clang | 1.12.0-2 | 213.26 | 21.29 | 234.55 | OK | |
r-devel-linux-x86_64-debian-gcc | 1.12.0-2 | 166.69 | 16.75 | 183.44 | OK | |
r-devel-linux-x86_64-fedora-clang | 1.12.0-2 | 331.64 | OK | |||
r-devel-linux-x86_64-fedora-gcc | 1.12.0-2 | 336.13 | OK | |||
r-prerel-macos-arm64 | 1.12.0-2 | 64.00 | NOTE | |||
r-prerel-windows-x86_64 | 1.12.0-2 | 92.00 | 69.00 | 161.00 | OK | |
r-patched-linux-x86_64 | 1.12.0-2 | 211.78 | 20.68 | 232.46 | OK | |
r-release-linux-x86_64 | 1.12.0-2 | 214.88 | 20.61 | 235.49 | OK | |
r-release-macos-arm64 | 1.12.0-2 | 65.00 | NOTE | |||
r-release-macos-x86_64 | 1.12.0-2 | 81.00 | NOTE | |||
r-release-windows-x86_64 | 1.12.0-2 | 99.00 | 74.00 | 173.00 | OK | |
r-oldrel-macos-arm64 | 1.12.0-2 | 82.00 | NOTE | |||
r-oldrel-windows-x86_64 | 1.12.0-2 | 103.00 | 72.00 | 175.00 | WARN |
Version: 1.12.0-2
Check: installed package size
Result: NOTE
installed size is 8.8Mb
sub-directories of 1Mb or more:
libs 8.7Mb
Flavors: r-prerel-macos-arm64, r-release-macos-arm64, r-release-macos-x86_64, r-oldrel-macos-arm64
Version: 1.12.0-2
Check: whether package can be installed
Result: WARN
Found the following significant warnings:
Warning: corrupt .drectve at end of def file
Flavor: r-oldrel-windows-x86_64