Last updated on 2023-01-28 10:51:30 CET.
Flavor | Version | Tinstall | Tcheck | Ttotal | Status | Flags |
---|---|---|---|---|---|---|
r-devel-linux-x86_64-debian-clang | 3.0.0 | 20.98 | 315.98 | 336.96 | NOTE | |
r-devel-linux-x86_64-debian-gcc | 3.0.0 | 17.63 | 227.69 | 245.32 | NOTE | |
r-devel-linux-x86_64-fedora-clang | 3.0.0 | 410.81 | NOTE | |||
r-devel-linux-x86_64-fedora-gcc | 3.0.0 | 406.44 | NOTE | |||
r-devel-windows-x86_64 | 3.0.0 | 26.00 | 349.00 | 375.00 | NOTE | |
r-patched-linux-x86_64 | 3.0.0 | 17.82 | 303.20 | 321.02 | OK | |
r-release-linux-x86_64 | 3.0.0 | 16.05 | 307.79 | 323.84 | OK | |
r-release-macos-arm64 | 3.0.0 | 148.00 | NOTE | |||
r-release-macos-x86_64 | 3.0.0 | 206.00 | NOTE | |||
r-release-windows-x86_64 | 3.0.0 | 26.00 | 387.00 | 413.00 | OK | |
r-oldrel-macos-arm64 | 3.0.0 | 102.00 | NOTE | |||
r-oldrel-macos-x86_64 | 3.0.0 | 160.00 | NOTE | |||
r-oldrel-windows-ix86+x86_64 | 3.0.0 | 51.00 | 460.00 | 511.00 | NOTE |
Version: 3.0.0
Check: package subdirectories
Result: NOTE
Problems with news in ‘NEWS.md’:
No news entries found.
Flavors: r-devel-linux-x86_64-debian-clang, r-devel-linux-x86_64-debian-gcc, r-devel-linux-x86_64-fedora-clang, r-devel-linux-x86_64-fedora-gcc, r-devel-windows-x86_64
Version: 3.0.0
Check: dependencies in R code
Result: NOTE
Namespaces in Imports field not imported from:
‘MASS’ ‘graphics’ ‘refund’ ‘stats’ ‘utils’
All declared Imports should be used.
Flavors: r-devel-linux-x86_64-fedora-clang, r-devel-linux-x86_64-fedora-gcc, r-release-macos-arm64, r-release-macos-x86_64, r-oldrel-macos-arm64, r-oldrel-macos-x86_64
Version: 3.0.0
Check: installed package size
Result: NOTE
installed size is 5.5Mb
sub-directories of 1Mb or more:
data 1.6Mb
doc 1.8Mb
libs 2.0Mb
Flavor: r-oldrel-windows-ix86+x86_64