CRAN Package Check Results for Package ggtext

Last updated on 2022-08-12 10:52:19 CEST.

Flavor Version Tinstall Tcheck Ttotal Status Flags
r-devel-linux-x86_64-debian-clang 0.1.1 6.53 86.92 93.45 NOTE
r-devel-linux-x86_64-debian-gcc 0.1.1 4.39 63.49 67.88 NOTE
r-devel-linux-x86_64-fedora-clang 0.1.1 117.69 NOTE
r-devel-linux-x86_64-fedora-gcc 0.1.1 114.14 NOTE
r-devel-windows-x86_64 0.1.1 22.00 113.00 135.00 NOTE
r-patched-linux-x86_64 0.1.1 5.34 79.87 85.21 NOTE
r-release-linux-x86_64 0.1.1 6.17 80.27 86.44 NOTE
r-release-macos-arm64 0.1.1 39.00 NOTE
r-release-macos-x86_64 0.1.1 54.00 NOTE
r-release-windows-x86_64 0.1.1 29.00 112.00 141.00 NOTE
r-oldrel-macos-arm64 0.1.1 55.00 NOTE
r-oldrel-macos-x86_64 0.1.1 74.00 NOTE
r-oldrel-windows-ix86+x86_64 0.1.1 17.00 105.00 122.00 NOTE

Check Details

Version: 0.1.1
Check: LazyData
Result: NOTE
     'LazyData' is specified without a 'data' directory
Flavors: r-devel-linux-x86_64-debian-clang, r-devel-linux-x86_64-debian-gcc, r-devel-linux-x86_64-fedora-clang, r-devel-linux-x86_64-fedora-gcc, r-devel-windows-x86_64, r-patched-linux-x86_64, r-release-linux-x86_64, r-release-macos-arm64, r-release-macos-x86_64, r-release-windows-x86_64, r-oldrel-macos-arm64, r-oldrel-macos-x86_64, r-oldrel-windows-ix86+x86_64