CRAN Package Check Results for Package ggraph

Last updated on 2022-12-05 09:51:19 CET.

Flavor Version Tinstall Tcheck Ttotal Status Flags
r-devel-linux-x86_64-debian-clang 2.1.0 97.70 235.11 332.81 OK
r-devel-linux-x86_64-debian-gcc 2.1.0 70.37 173.02 243.39 OK
r-devel-linux-x86_64-fedora-clang 2.1.0 467.34 NOTE
r-devel-linux-x86_64-fedora-gcc 2.1.0 414.11 OK
r-devel-windows-x86_64 2.1.0 152.00 361.00 513.00 NOTE
r-patched-linux-x86_64 2.1.0 80.95 212.50 293.45 OK
r-release-linux-x86_64 2.1.0 65.96 200.53 266.49 OK
r-release-macos-arm64 2.1.0 118.00 NOTE
r-release-macos-x86_64 2.1.0 137.00 NOTE
r-release-windows-x86_64 2.1.0 158.00 373.00 531.00 NOTE
r-oldrel-macos-arm64 2.1.0 118.00 NOTE
r-oldrel-macos-x86_64 2.1.0 146.00 NOTE
r-oldrel-windows-ix86+x86_64 2.1.0 214.00 379.00 593.00 NOTE

Check Details

Version: 2.1.0
Check: installed package size
Result: NOTE
     installed size is 5.2Mb
     sub-directories of 1Mb or more:
     doc 3.6Mb
Flavors: r-devel-linux-x86_64-fedora-clang, r-devel-windows-x86_64, r-release-macos-arm64, r-release-macos-x86_64, r-release-windows-x86_64, r-oldrel-macos-arm64, r-oldrel-macos-x86_64, r-oldrel-windows-ix86+x86_64