Last updated on 2022-08-07 09:53:59 CEST.
Flavor | Version | Tinstall | Tcheck | Ttotal | Status | Flags |
---|---|---|---|---|---|---|
r-devel-linux-x86_64-debian-clang | 0.2.2 | 6.93 | 71.84 | 78.77 | OK | |
r-devel-linux-x86_64-debian-gcc | 0.2.2 | 4.93 | 53.40 | 58.33 | OK | |
r-devel-linux-x86_64-fedora-clang | 0.2.2 | 101.94 | NOTE | |||
r-devel-linux-x86_64-fedora-gcc | 0.2.2 | 103.64 | NOTE | |||
r-devel-windows-x86_64 | 0.2.2 | 48.00 | 117.00 | 165.00 | OK | |
r-patched-linux-x86_64 | 0.2.2 | 13.17 | 67.25 | 80.42 | OK | |
r-release-linux-x86_64 | 0.2.2 | 6.16 | 66.89 | 73.05 | OK | |
r-release-macos-arm64 | 0.2.2 | 35.00 | NOTE | |||
r-release-macos-x86_64 | 0.2.2 | 48.00 | NOTE | |||
r-release-windows-x86_64 | 0.2.2 | 37.00 | 109.00 | 146.00 | OK | |
r-oldrel-macos-arm64 | 0.2.2 | 32.00 | NOTE | |||
r-oldrel-macos-x86_64 | 0.2.2 | 49.00 | NOTE | |||
r-oldrel-windows-ix86+x86_64 | 0.2.2 | 19.00 | 96.00 | 115.00 | OK |
Version: 0.2.2
Check: package dependencies
Result: NOTE
Imports includes 28 non-default packages.
Importing from so many packages makes the package vulnerable to any of
them becoming unavailable. Move as many as possible to Suggests and
use conditionally.
Flavor: r-devel-linux-x86_64-fedora-clang
Version: 0.2.2
Check: dependencies in R code
Result: NOTE
Namespaces in Imports field not imported from:
‘DT’ ‘Formula’ ‘GGally’ ‘Hmisc’ ‘RPostgres’ ‘colourpicker’ ‘dplyr’
‘ggpmisc’ ‘ggpubr’ ‘ggrepel’ ‘gridExtra’ ‘markdown’ ‘plotly’
‘quantreg’ ‘rlang’ ‘shinyFiles’ ‘shinyjqui’ ‘shinyjs’ ‘survival’
‘survminer’ ‘table1’ ‘tidyr’ ‘zoo’
All declared Imports should be used.
Flavors: r-devel-linux-x86_64-fedora-clang, r-devel-linux-x86_64-fedora-gcc, r-release-macos-arm64, r-release-macos-x86_64, r-oldrel-macos-arm64, r-oldrel-macos-x86_64