CRAN Package Check Results for Package ggpointless

Last updated on 2022-09-27 10:49:05 CEST.

Flavor Version Tinstall Tcheck Ttotal Status Flags
r-devel-linux-x86_64-debian-clang 0.0.3 5.91 96.55 102.46 OK
r-devel-linux-x86_64-debian-gcc 0.0.3 4.76 70.65 75.41 OK
r-devel-linux-x86_64-fedora-clang 0.0.3 134.62 NOTE
r-devel-linux-x86_64-fedora-gcc 0.0.3 134.98 NOTE
r-devel-windows-x86_64 0.0.3 48.00 137.00 185.00 OK
r-patched-linux-x86_64 0.0.3 6.69 89.20 95.89 OK
r-release-linux-x86_64 0.0.3 4.95 88.82 93.77 OK
r-release-macos-arm64 0.0.3 31.00 NOTE
r-release-macos-x86_64 0.0.3 55.00 NOTE
r-release-windows-x86_64 0.0.3 36.00 129.00 165.00 OK
r-oldrel-macos-arm64 0.0.3 36.00 NOTE
r-oldrel-macos-x86_64 0.0.3 55.00 NOTE
r-oldrel-windows-ix86+x86_64 0.0.3 16.00 116.00 132.00 OK

Check Details

Version: 0.0.3
Check: data for non-ASCII characters
Result: NOTE
     Note: found 35 marked UTF-8 strings
Flavors: r-devel-linux-x86_64-fedora-clang, r-devel-linux-x86_64-fedora-gcc, r-release-macos-arm64, r-release-macos-x86_64, r-oldrel-macos-arm64, r-oldrel-macos-x86_64