Last updated on 2023-02-08 10:57:29 CET.
Flavor | Version | Tinstall | Tcheck | Ttotal | Status | Flags |
---|---|---|---|---|---|---|
r-devel-linux-x86_64-debian-clang | 0.3.3 | 10.05 | 103.33 | 113.38 | OK | |
r-devel-linux-x86_64-debian-gcc | 0.3.3 | 7.87 | 75.83 | 83.70 | OK | |
r-devel-linux-x86_64-fedora-clang | 0.3.3 | 141.22 | NOTE | |||
r-devel-linux-x86_64-fedora-gcc | 0.3.3 | 140.78 | NOTE | |||
r-devel-windows-x86_64 | 0.3.3 | 21.00 | 139.00 | 160.00 | OK | |
r-patched-linux-x86_64 | 0.3.3 | 9.81 | 94.36 | 104.17 | OK | |
r-release-linux-x86_64 | 0.3.3 | 8.42 | 93.97 | 102.39 | OK | |
r-release-macos-arm64 | 0.3.3 | 41.00 | NOTE | |||
r-release-macos-x86_64 | 0.3.3 | 72.00 | NOTE | |||
r-release-windows-x86_64 | 0.3.3 | 30.00 | 147.00 | 177.00 | OK | |
r-oldrel-macos-arm64 | 0.3.3 | 56.00 | NOTE | |||
r-oldrel-macos-x86_64 | 0.3.3 | 55.00 | NOTE | |||
r-oldrel-windows-ix86+x86_64 | 0.3.3 | 22.00 | 128.00 | 150.00 | OK |
Version: 0.3.3
Check: dependencies in R code
Result: NOTE
Namespaces in Imports field not imported from:
‘productplots’ ‘scales’
All declared Imports should be used.
Flavors: r-devel-linux-x86_64-fedora-clang, r-devel-linux-x86_64-fedora-gcc, r-release-macos-arm64, r-release-macos-x86_64, r-oldrel-macos-arm64, r-oldrel-macos-x86_64