CRAN Package Check Results for Package ggjoy

Last updated on 2021-11-30 10:51:07 CET.

Flavor Version Tinstall Tcheck Ttotal Status Flags
r-devel-linux-x86_64-debian-clang 0.4.1 4.83 46.56 51.39 NOTE
r-devel-linux-x86_64-debian-gcc 0.4.1 3.07 34.52 37.59 NOTE
r-devel-linux-x86_64-fedora-clang 0.4.1 73.23 NOTE
r-devel-linux-x86_64-fedora-gcc 0.4.1 58.93 NOTE
r-devel-windows-x86_64-new-UL 0.4.1 11.00 87.00 98.00 NOTE
r-devel-windows-x86_64-new-TK 0.4.1 NOTE
r-devel-windows-x86_64-old 0.4.1 9.00 51.00 60.00 NOTE
r-patched-linux-x86_64 0.4.1 8.61 42.41 51.02 NOTE
r-patched-solaris-x86 0.4.1 84.30 NOTE
r-release-linux-x86_64 0.4.1 3.95 42.64 46.59 NOTE
r-release-macos-arm64 0.4.1 NOTE
r-release-macos-x86_64 0.4.1 NOTE
r-release-windows-ix86+x86_64 0.4.1 14.00 46.00 60.00 NOTE
r-oldrel-macos-x86_64 0.4.1 OK
r-oldrel-windows-ix86+x86_64 0.4.1 10.00 49.00 59.00 OK

Check Details

Version: 0.4.1
Check: LazyData
Result: NOTE
     'LazyData' is specified without a 'data' directory
Flavors: r-devel-linux-x86_64-debian-clang, r-devel-linux-x86_64-debian-gcc, r-devel-linux-x86_64-fedora-clang, r-devel-linux-x86_64-fedora-gcc, r-devel-windows-x86_64-new-UL, r-devel-windows-x86_64-new-TK, r-devel-windows-x86_64-old, r-patched-linux-x86_64, r-patched-solaris-x86, r-release-linux-x86_64, r-release-macos-arm64, r-release-macos-x86_64, r-release-windows-ix86+x86_64