Last updated on 2024-05-11 09:51:20 CEST.
Flavor | Version | Tinstall | Tcheck | Ttotal | Status | Flags |
---|---|---|---|---|---|---|
r-devel-linux-x86_64-debian-clang | 0.2.1 | 4.83 | 60.70 | 65.53 | NOTE | |
r-devel-linux-x86_64-debian-gcc | 0.2.1 | 3.94 | 45.81 | 49.75 | NOTE | |
r-devel-linux-x86_64-fedora-clang | 0.2.1 | 83.40 | NOTE | |||
r-devel-linux-x86_64-fedora-gcc | 0.2.1 | 114.28 | NOTE | |||
r-devel-windows-x86_64 | 0.2.1 | 6.00 | 66.00 | 72.00 | NOTE | |
r-patched-linux-x86_64 | 0.2.1 | 9.91 | 58.61 | 68.52 | NOTE | |
r-release-linux-x86_64 | 0.2.1 | 4.59 | 58.01 | 62.60 | NOTE | |
r-release-macos-arm64 | 0.2.1 | 28.00 | NOTE | |||
r-release-windows-x86_64 | 0.2.1 | 6.00 | 66.00 | 72.00 | NOTE | |
r-oldrel-macos-arm64 | 0.2.1 | 28.00 | NOTE | |||
r-oldrel-macos-x86_64 | 0.2.1 | 43.00 | NOTE | |||
r-oldrel-windows-x86_64 | 0.2.1 | 8.00 | 72.00 | 80.00 | NOTE |
Version: 0.2.1
Check: LazyData
Result: NOTE
'LazyData' is specified without a 'data' directory
Flavors: r-devel-linux-x86_64-debian-clang, r-devel-linux-x86_64-debian-gcc, r-devel-linux-x86_64-fedora-clang, r-devel-linux-x86_64-fedora-gcc, r-devel-windows-x86_64, r-patched-linux-x86_64, r-release-linux-x86_64, r-release-macos-arm64, r-release-windows-x86_64, r-oldrel-macos-arm64, r-oldrel-macos-x86_64, r-oldrel-windows-x86_64