CRAN Package Check Results for Package ggformula

Last updated on 2020-09-19 10:48:05 CEST.

Flavor Version Tinstall Tcheck Ttotal Status Flags
r-devel-linux-x86_64-debian-clang 0.9.4 18.15 323.12 341.27 OK
r-devel-linux-x86_64-debian-gcc 0.9.4 14.94 230.40 245.34 OK
r-devel-linux-x86_64-fedora-clang 0.9.4 437.85 NOTE
r-devel-linux-x86_64-fedora-gcc 0.9.4 441.61 OK
r-devel-windows-ix86+x86_64 0.9.4 35.00 386.00 421.00 OK
r-patched-linux-x86_64 0.9.4 16.21 301.35 317.56 OK
r-patched-solaris-x86 0.9.4 515.60 NOTE
r-release-linux-x86_64 0.9.4 17.73 304.15 321.88 OK
r-release-macos-x86_64 0.9.4 OK
r-release-windows-ix86+x86_64 0.9.4 34.00 390.00 424.00 OK
r-oldrel-macos-x86_64 0.9.4 OK
r-oldrel-windows-ix86+x86_64 0.9.4 21.00 342.00 363.00 OK

Check Details

Version: 0.9.4
Check: Rd cross-references
Result: NOTE
    Undeclared package ‘quantreg’ in Rd xrefs
Flavor: r-devel-linux-x86_64-fedora-clang

Version: 0.9.4
Check: installed package size
Result: NOTE
     installed size is 5.3Mb
     sub-directories of 1Mb or more:
     doc 3.0Mb
     tutorials 1.0Mb
Flavor: r-patched-solaris-x86