CRAN Package Check Results for Package ggformula

Last updated on 2020-01-17 09:51:25 CET.

Flavor Version Tinstall Tcheck Ttotal Status Flags
r-devel-linux-x86_64-debian-clang 0.9.2 19.52 347.11 366.63 OK
r-devel-linux-x86_64-debian-gcc 0.9.2 13.57 247.70 261.27 OK
r-devel-linux-x86_64-fedora-clang 0.9.2 447.83 NOTE
r-devel-linux-x86_64-fedora-gcc 0.9.2 441.73 NOTE
r-devel-windows-ix86+x86_64 0.9.2 44.00 436.00 480.00 OK
r-devel-windows-ix86+x86_64-gcc8 0.9.2 35.00 524.00 559.00 OK
r-patched-linux-x86_64 0.9.2 16.90 301.91 318.81 OK
r-patched-solaris-x86 0.9.2 518.50 NOTE
r-release-linux-x86_64 0.9.2 15.28 300.17 315.45 OK
r-release-windows-ix86+x86_64 0.9.2 37.00 500.00 537.00 OK
r-release-osx-x86_64 0.9.2 NOTE
r-oldrel-windows-ix86+x86_64 0.9.2 31.00 344.00 375.00 OK
r-oldrel-osx-x86_64 0.9.2 NOTE

Check Details

Version: 0.9.2
Check: dependencies in R code
Result: NOTE
    Namespace in Imports field not imported from: ‘tidyr’
     All declared Imports should be used.
Flavors: r-devel-linux-x86_64-fedora-clang, r-devel-linux-x86_64-fedora-gcc, r-patched-solaris-x86, r-release-osx-x86_64, r-oldrel-osx-x86_64

Version: 0.9.2
Check: installed package size
Result: NOTE
     installed size is 5.2Mb
     sub-directories of 1Mb or more:
     doc 2.8Mb
     tutorials 1.0Mb
Flavor: r-patched-solaris-x86