Last updated on 2023-02-07 10:53:58 CET.
Flavor | Version | Tinstall | Tcheck | Ttotal | Status | Flags |
---|---|---|---|---|---|---|
r-devel-linux-x86_64-debian-clang | 0.7.1 | 67.49 | 619.90 | 687.39 | OK | |
r-devel-linux-x86_64-debian-gcc | 0.7.1 | 53.39 | 466.94 | 520.33 | OK | |
r-devel-linux-x86_64-fedora-clang | 0.7.1 | 917.04 | NOTE | |||
r-devel-linux-x86_64-fedora-gcc | 0.7.1 | 974.42 | OK | |||
r-devel-windows-x86_64 | 0.7.1 | 104.00 | 631.00 | 735.00 | NOTE | |
r-patched-linux-x86_64 | 0.7.1 | 70.37 | 603.77 | 674.14 | OK | |
r-release-linux-x86_64 | 0.7.1 | 54.96 | 615.70 | 670.66 | OK | |
r-release-macos-arm64 | 0.7.1 | 7.00 | ERROR | |||
r-release-macos-x86_64 | 0.7.1 | 8.00 | ERROR | |||
r-release-windows-x86_64 | 0.7.1 | 114.00 | 658.00 | 772.00 | NOTE | |
r-oldrel-macos-arm64 | 0.7.1 | 11.00 | ERROR | |||
r-oldrel-macos-x86_64 | 0.7.1 | 11.00 | ERROR | |||
r-oldrel-windows-ix86+x86_64 | 0.7.1 | 146.00 | 613.00 | 759.00 | NOTE |
Version: 0.7.1
Check: package dependencies
Result: NOTE
Imports includes 21 non-default packages.
Importing from so many packages makes the package vulnerable to any of
them becoming unavailable. Move as many as possible to Suggests and
use conditionally.
Flavor: r-devel-linux-x86_64-fedora-clang
Version: 0.7.1
Check: installed package size
Result: NOTE
installed size is 7.1Mb
sub-directories of 1Mb or more:
doc 5.2Mb
extdata 1.2Mb
Flavors: r-devel-linux-x86_64-fedora-clang, r-devel-windows-x86_64, r-release-windows-x86_64, r-oldrel-windows-ix86+x86_64
Version: 0.7.1
Check: package dependencies
Result: ERROR
Package required but not available: ‘ggbio’
Package suggested but not available for checking: ‘BSgenome.Hsapiens.UCSC.hg19’
See section ‘The DESCRIPTION file’ in the ‘Writing R Extensions’
manual.
Flavors: r-release-macos-arm64, r-release-macos-x86_64
Version: 0.7.1
Check: package dependencies
Result: ERROR
Package required but not available: ‘ggbio’
See section ‘The DESCRIPTION file’ in the ‘Writing R Extensions’
manual.
Flavors: r-oldrel-macos-arm64, r-oldrel-macos-x86_64