Last updated on 2023-06-09 10:04:13 CEST.
Flavor | Version | Tinstall | Tcheck | Ttotal | Status | Flags |
---|---|---|---|---|---|---|
r-devel-linux-x86_64-debian-clang | 1.2.2 | 7.93 | 118.35 | 126.28 | OK | |
r-devel-linux-x86_64-debian-gcc | 1.2.2 | 6.82 | 89.11 | 95.93 | OK | |
r-devel-linux-x86_64-fedora-clang | 1.2.2 | 154.03 | NOTE | |||
r-devel-linux-x86_64-fedora-gcc | 1.2.2 | 159.99 | OK | |||
r-devel-windows-x86_64 | 1.2.2 | 8.00 | 111.00 | 119.00 | NOTE | |
r-patched-linux-x86_64 | 1.2.2 | 4.81 | 111.55 | 116.36 | OK | |
r-release-linux-x86_64 | 1.2.2 | 4.88 | 111.42 | 116.30 | OK | |
r-release-macos-arm64 | 1.2.2 | 60.00 | NOTE | |||
r-release-macos-x86_64 | 1.2.2 | 84.00 | NOTE | |||
r-release-windows-x86_64 | 1.2.2 | 11.00 | 133.00 | 144.00 | NOTE | |
r-oldrel-macos-arm64 | 1.2.2 | 54.00 | NOTE | |||
r-oldrel-macos-x86_64 | 1.2.2 | 73.00 | NOTE | |||
r-oldrel-windows-x86_64 | 1.2.2 | 12.00 | 136.00 | 148.00 | NOTE |
Version: 1.2.2
Check: installed package size
Result: NOTE
installed size is 10.1Mb
sub-directories of 1Mb or more:
doc 9.1Mb
Flavors: r-devel-linux-x86_64-fedora-clang, r-devel-windows-x86_64, r-release-macos-arm64, r-release-macos-x86_64, r-release-windows-x86_64, r-oldrel-macos-arm64, r-oldrel-macos-x86_64, r-oldrel-windows-x86_64