Last updated on 2024-03-28 10:49:35 CET.
Flavor | Version | Tinstall | Tcheck | Ttotal | Status | Flags |
---|---|---|---|---|---|---|
r-devel-linux-x86_64-debian-clang | 2.0.5 | 119.08 | 238.34 | 357.42 | NOTE | |
r-devel-linux-x86_64-debian-gcc | 2.0.5 | 100.75 | 180.85 | 281.60 | NOTE | |
r-devel-linux-x86_64-fedora-clang | 2.0.5 | 452.59 | NOTE | |||
r-devel-linux-x86_64-fedora-gcc | 2.0.5 | 484.83 | NOTE | |||
r-devel-windows-x86_64 | 2.0.5 | 79.00 | 220.00 | 299.00 | NOTE | |
r-patched-linux-x86_64 | 2.0.5 | 87.22 | 229.19 | 316.41 | NOTE | |
r-release-linux-x86_64 | 2.0.5 | 83.98 | 232.06 | 316.04 | NOTE | |
r-release-macos-arm64 | 2.0.5 | 164.00 | NOTE | |||
r-release-macos-x86_64 | 2.0.5 | 244.00 | NOTE | |||
r-release-windows-x86_64 | 2.0.5 | 101.00 | 251.00 | 352.00 | NOTE | |
r-oldrel-macos-arm64 | 2.0.5 | 149.00 | NOTE | |||
r-oldrel-windows-x86_64 | 2.0.5 | 96.00 | 251.00 | 347.00 | OK |
Version: 2.0.5
Check: C++ specification
Result: NOTE
Specified C++11: please drop specification unless essential
Flavors: r-devel-linux-x86_64-debian-clang, r-devel-linux-x86_64-debian-gcc, r-devel-linux-x86_64-fedora-clang, r-devel-linux-x86_64-fedora-gcc, r-devel-windows-x86_64, r-patched-linux-x86_64, r-release-linux-x86_64, r-release-macos-arm64, r-release-macos-x86_64, r-release-windows-x86_64
Version: 2.0.5
Check: installed package size
Result: NOTE
installed size is 35.0Mb
sub-directories of 1Mb or more:
libs 34.5Mb
Flavors: r-release-macos-arm64, r-release-macos-x86_64, r-oldrel-macos-arm64