CRAN Package Check Results for Package gert

Last updated on 2022-11-28 09:50:46 CET.

Flavor Version Tinstall Tcheck Ttotal Status Flags
r-devel-linux-x86_64-debian-clang 1.9.1 7.84 38.58 46.42 OK
r-devel-linux-x86_64-debian-gcc 1.9.1 7.36 30.54 37.90 OK
r-devel-linux-x86_64-fedora-clang 1.9.1 73.80 OK
r-devel-linux-x86_64-fedora-gcc 1.9.1 70.73 OK
r-devel-windows-x86_64 1.9.1 56.00 113.00 169.00 OK
r-patched-linux-x86_64 1.9.1 8.43 35.86 44.29 OK
r-release-linux-x86_64 1.9.1 8.00 37.43 45.43 OK
r-release-macos-arm64 1.9.1 29.00 OK
r-release-macos-x86_64 1.9.1 37.00 OK
r-release-windows-x86_64 1.9.1 83.00 106.00 189.00 OK
r-oldrel-macos-arm64 1.9.1 34.00 OK
r-oldrel-macos-x86_64 1.9.1 42.00 OK
r-oldrel-windows-ix86+x86_64 1.9.1 38.00 104.00 142.00 NOTE

Check Details

Version: 1.9.1
Check: installed package size
Result: NOTE
     installed size is 9.6Mb
     sub-directories of 1Mb or more:
     libs 9.3Mb
Flavor: r-oldrel-windows-ix86+x86_64