Last updated on 2024-03-29 11:53:53 CET.
Flavor | Version | Tinstall | Tcheck | Ttotal | Status | Flags |
---|---|---|---|---|---|---|
r-devel-linux-x86_64-debian-clang | 2.0.1 | 10.23 | 41.88 | 52.11 | OK | |
r-devel-linux-x86_64-debian-gcc | 2.0.1 | 7.98 | 32.24 | 40.22 | OK | |
r-devel-linux-x86_64-fedora-clang | 2.0.1 | 67.70 | OK | |||
r-devel-linux-x86_64-fedora-gcc | 2.0.1 | 79.34 | OK | |||
r-devel-windows-x86_64 | 2.0.1 | 20.00 | 126.00 | 146.00 | NOTE | |
r-patched-linux-x86_64 | 2.0.1 | 10.00 | 40.40 | 50.40 | OK | |
r-release-linux-x86_64 | 2.0.1 | 8.76 | 39.29 | 48.05 | OK | |
r-release-macos-arm64 | 2.0.1 | 40.00 | OK | |||
r-release-macos-x86_64 | 2.0.1 | 63.00 | OK | |||
r-release-windows-x86_64 | 2.0.1 | 23.00 | 134.00 | 157.00 | NOTE | |
r-oldrel-macos-arm64 | 2.0.1 | 34.00 | OK | |||
r-oldrel-windows-x86_64 | 2.0.1 | 22.00 | 111.00 | 133.00 | NOTE |
Version: 2.0.1
Check: installed package size
Result: NOTE
installed size is 7.3Mb
sub-directories of 1Mb or more:
libs 7.0Mb
Flavors: r-devel-windows-x86_64, r-release-windows-x86_64, r-oldrel-windows-x86_64