CRAN Package Check Results for Package geostan

Last updated on 2023-02-07 10:53:58 CET.

Flavor Version Tinstall Tcheck Ttotal Status Flags
r-devel-linux-x86_64-debian-clang 0.4.1 252.73 369.63 622.36 NOTE
r-devel-linux-x86_64-debian-gcc 0.4.1 174.31 292.47 466.78 NOTE
r-devel-linux-x86_64-fedora-clang 0.4.1 736.22 NOTE
r-devel-linux-x86_64-fedora-gcc 0.4.1 821.83 NOTE
r-devel-windows-x86_64 0.4.1 185.00 494.00 679.00 NOTE
r-patched-linux-x86_64 0.4.1 174.13 378.43 552.56 NOTE
r-release-linux-x86_64 0.4.1 194.06 398.25 592.31 NOTE
r-release-macos-arm64 0.4.1 266.00 NOTE
r-release-macos-x86_64 0.4.1 304.00 NOTE
r-release-windows-x86_64 0.4.1 207.00 514.00 721.00 NOTE
r-oldrel-macos-arm64 0.4.1 238.00 NOTE
r-oldrel-macos-x86_64 0.4.1 296.00 NOTE
r-oldrel-windows-ix86+x86_64 0.4.1 421.00 683.00 1104.00 NOTE

Check Details

Version: 0.4.1
Check: C++ specification
Result: NOTE
     Specified C++14: please update to current default of C++17
Flavors: r-devel-linux-x86_64-debian-clang, r-devel-linux-x86_64-debian-gcc, r-devel-linux-x86_64-fedora-clang, r-devel-windows-x86_64

Version: 0.4.1
Check: for GNU extensions in Makefiles
Result: NOTE
    GNU make is a SystemRequirements.
Flavors: r-devel-linux-x86_64-debian-clang, r-devel-linux-x86_64-debian-gcc, r-devel-linux-x86_64-fedora-clang, r-devel-linux-x86_64-fedora-gcc, r-devel-windows-x86_64, r-patched-linux-x86_64, r-release-linux-x86_64, r-release-macos-arm64, r-release-macos-x86_64, r-release-windows-x86_64, r-oldrel-macos-arm64, r-oldrel-macos-x86_64, r-oldrel-windows-ix86+x86_64

Version: 0.4.1
Check: dependencies in R code
Result: NOTE
    Namespaces in Imports field not imported from:
     ‘RcppParallel’ ‘rstantools’
     All declared Imports should be used.
Flavors: r-devel-linux-x86_64-fedora-clang, r-devel-linux-x86_64-fedora-gcc, r-release-macos-arm64, r-release-macos-x86_64, r-oldrel-macos-arm64, r-oldrel-macos-x86_64

Version: 0.4.1
Check: Rd cross-references
Result: NOTE
    Undeclared package ‘loo’ in Rd xrefs
Flavor: r-devel-linux-x86_64-fedora-clang

Version: 0.4.1
Check: C++ specification
Result: NOTE
     Specified C++14: please drop specification unless essential
Flavor: r-devel-linux-x86_64-fedora-gcc

Version: 0.4.1
Check: installed package size
Result: NOTE
     installed size is 50.0Mb
     sub-directories of 1Mb or more:
     libs 48.4Mb
Flavors: r-release-macos-arm64, r-release-macos-x86_64, r-oldrel-macos-arm64, r-oldrel-macos-x86_64, r-oldrel-windows-ix86+x86_64