Last updated on 2023-03-30 09:55:09 CEST.
Flavor | Version | Tinstall | Tcheck | Ttotal | Status | Flags |
---|---|---|---|---|---|---|
r-devel-linux-x86_64-debian-clang | 2.0-0 | 1.82 | 21.75 | 23.57 | OK | |
r-devel-linux-x86_64-debian-gcc | 2.0-0 | 1.35 | 17.56 | 18.91 | OK | |
r-devel-linux-x86_64-fedora-clang | 2.0-0 | 30.51 | OK | |||
r-devel-linux-x86_64-fedora-gcc | 2.0-0 | 29.64 | OK | |||
r-devel-windows-x86_64 | 2.0-0 | 11.00 | 0.00 | 11.00 | WARN | |
r-patched-linux-x86_64 | 2.0-0 | 1.43 | 21.54 | 22.97 | OK | |
r-release-linux-x86_64 | 2.0-0 | 1.67 | 22.24 | 23.91 | OK | |
r-release-macos-arm64 | 2.0-0 | 16.00 | OK | |||
r-release-macos-x86_64 | 2.0-0 | 23.00 | OK | |||
r-release-windows-x86_64 | 2.0-0 | 13.00 | 59.00 | 72.00 | OK | |
r-oldrel-macos-arm64 | 2.0-0 | 22.00 | OK | |||
r-oldrel-macos-x86_64 | 2.0-0 | 23.00 | OK | |||
r-oldrel-windows-ix86+x86_64 | 2.0-0 | 5.00 | 50.00 | 55.00 | OK |
Version: 2.0-0
Check: contents of ‘data’ directory
Result: WARN
Output for data("worldcity", package = "geomapdata"):
Fatal error: couldn't allocate node stack
Output for data("worldmap", package = "geomapdata"):
Error in load(zfile, envir = tmp_env) : empty (zero-byte) input file
Calls: <Anonymous> ... suppressMessages -> withCallingHandlers -> <Anonymous> -> load
In addition: Warning message:
In readChar(con, 5L, useBytes = TRUE) : lzma decoder needed more memory
Execution halted
Flavor: r-devel-windows-x86_64