Last updated on 2024-04-18 10:49:49 CEST.
Flavor | Version | Tinstall | Tcheck | Ttotal | Status | Flags |
---|---|---|---|---|---|---|
r-devel-linux-x86_64-debian-clang | 1.1.1 | 56.91 | 39.40 | 96.31 | NOTE | |
r-devel-linux-x86_64-debian-gcc | 1.1.1 | 55.26 | 29.89 | 85.15 | NOTE | |
r-devel-linux-x86_64-fedora-clang | 1.1.1 | 145.34 | NOTE | |||
r-devel-linux-x86_64-fedora-gcc | 1.1.1 | 165.39 | NOTE | |||
r-prerel-macos-arm64 | 1.1.1 | 40.00 | NOTE | |||
r-prerel-windows-x86_64 | 1.1.1 | 52.00 | 75.00 | 127.00 | NOTE | |
r-patched-linux-x86_64 | 1.1.1 | 58.62 | 37.47 | 96.09 | NOTE | |
r-release-linux-x86_64 | 1.1.1 | 70.16 | 36.30 | 106.46 | NOTE | |
r-release-macos-arm64 | 1.1.1 | 47.00 | NOTE | |||
r-release-macos-x86_64 | 1.1.1 | 73.00 | NOTE | |||
r-release-windows-x86_64 | 1.1.1 | 62.00 | 82.00 | 144.00 | NOTE | |
r-oldrel-macos-arm64 | 1.1.1 | 39.00 | NOTE | |||
r-oldrel-windows-x86_64 | 1.1.1 | 62.00 | 79.00 | 141.00 | OK |
Version: 1.1.1
Check: C++ specification
Result: NOTE
Specified C++11: please drop specification unless essential
Flavors: r-devel-linux-x86_64-debian-clang, r-devel-linux-x86_64-debian-gcc, r-devel-linux-x86_64-fedora-clang, r-devel-linux-x86_64-fedora-gcc, r-prerel-macos-arm64, r-prerel-windows-x86_64, r-patched-linux-x86_64, r-release-linux-x86_64, r-release-macos-arm64, r-release-macos-x86_64, r-release-windows-x86_64
Version: 1.1.1
Check: installed package size
Result: NOTE
installed size is 6.1Mb
sub-directories of 1Mb or more:
doc 1.3Mb
libs 4.6Mb
Flavors: r-prerel-macos-arm64, r-release-macos-arm64, r-release-macos-x86_64, r-oldrel-macos-arm64