CRAN Package Check Results for Package geofi

Last updated on 2023-02-06 09:55:46 CET.

Flavor Version Tinstall Tcheck Ttotal Status Flags
r-devel-linux-x86_64-debian-clang 1.0.7 9.87 209.72 219.59 ERROR
r-devel-linux-x86_64-debian-gcc 1.0.7 7.48 154.24 161.72 ERROR
r-devel-linux-x86_64-fedora-clang 1.0.7 278.16 ERROR
r-devel-linux-x86_64-fedora-gcc 1.0.7 271.44 ERROR
r-devel-windows-x86_64 1.0.7 41.00 296.00 337.00 ERROR
r-patched-linux-x86_64 1.0.7 9.14 198.40 207.54 ERROR
r-release-linux-x86_64 1.0.7 9.31 190.36 199.67 ERROR
r-release-macos-arm64 1.0.7 219.00 NOTE
r-release-macos-x86_64 1.0.7 270.00 NOTE
r-release-windows-x86_64 1.0.7 43.00 310.00 353.00 ERROR
r-oldrel-macos-arm64 1.0.7 202.00 NOTE
r-oldrel-macos-x86_64 1.0.7 282.00 NOTE
r-oldrel-windows-ix86+x86_64 1.0.7 22.00 311.00 333.00 WARN

Check Details

Version: 1.0.7
Check: re-building of vignette outputs
Result: ERROR
    Error(s) in re-building vignettes:
     ...
    --- re-building ‘geofi_datasets.Rmd’ using rmarkdown
    --- finished re-building ‘geofi_datasets.Rmd’
    
    --- re-building ‘geofi_joining_attribute_data.Rmd’ using rmarkdown
    Quitting from lines 218-242 (geofi_joining_attribute_data.Rmd)
    Error: processing vignette ‘geofi_joining_attribute_data.Rmd’ failed with diagnostics:
    Bad Request (HTTP 400).
    --- failed re-building ‘geofi_joining_attribute_data.Rmd’
    
    --- re-building ‘geofi_making_maps.Rmd’ using rmarkdown
    --- finished re-building ‘geofi_making_maps.Rmd’
    
    --- re-building ‘geofi_spatial_analysis.Rmd’ using rmarkdown
    --- finished re-building ‘geofi_spatial_analysis.Rmd’
    
    SUMMARY: processing the following file failed:
     ‘geofi_joining_attribute_data.Rmd’
    
    Error: Vignette re-building failed.
    Execution halted
Flavors: r-devel-linux-x86_64-debian-clang, r-devel-linux-x86_64-debian-gcc, r-patched-linux-x86_64, r-release-linux-x86_64

Version: 1.0.7
Check: data for non-ASCII characters
Result: NOTE
     Note: found 76726 marked UTF-8 strings
Flavors: r-devel-linux-x86_64-fedora-clang, r-devel-linux-x86_64-fedora-gcc, r-release-macos-arm64, r-release-macos-x86_64, r-oldrel-macos-arm64, r-oldrel-macos-x86_64

Version: 1.0.7
Check: re-building of vignette outputs
Result: ERROR
    Error(s) in re-building vignettes:
    --- re-building ‘geofi_datasets.Rmd’ using rmarkdown
    --- finished re-building ‘geofi_datasets.Rmd’
    
    --- re-building ‘geofi_joining_attribute_data.Rmd’ using rmarkdown
    Quitting from lines 218-242 (geofi_joining_attribute_data.Rmd)
    Error: processing vignette 'geofi_joining_attribute_data.Rmd' failed with diagnostics:
    Bad Request (HTTP 400).
    --- failed re-building ‘geofi_joining_attribute_data.Rmd’
    
    --- re-building ‘geofi_making_maps.Rmd’ using rmarkdown
    --- finished re-building ‘geofi_making_maps.Rmd’
    
    --- re-building ‘geofi_spatial_analysis.Rmd’ using rmarkdown
    --- finished re-building ‘geofi_spatial_analysis.Rmd’
    
    SUMMARY: processing the following file failed:
     ‘geofi_joining_attribute_data.Rmd’
    
    Error: Vignette re-building failed.
    Execution halted
Flavors: r-devel-linux-x86_64-fedora-clang, r-devel-linux-x86_64-fedora-gcc, r-devel-windows-x86_64, r-release-windows-x86_64

Version: 1.0.7
Check: re-building of vignette outputs
Result: WARN
    Error(s) in re-building vignettes:
    --- re-building 'geofi_datasets.Rmd' using rmarkdown
    --- finished re-building 'geofi_datasets.Rmd'
    
    --- re-building 'geofi_joining_attribute_data.Rmd' using rmarkdown
    Quitting from lines 218-242 (geofi_joining_attribute_data.Rmd)
    Error: processing vignette 'geofi_joining_attribute_data.Rmd' failed with diagnostics:
    Bad Request (HTTP 400).
    --- failed re-building 'geofi_joining_attribute_data.Rmd'
    
    --- re-building 'geofi_making_maps.Rmd' using rmarkdown
    --- finished re-building 'geofi_making_maps.Rmd'
    
    --- re-building 'geofi_spatial_analysis.Rmd' using rmarkdown
    --- finished re-building 'geofi_spatial_analysis.Rmd'
    
    SUMMARY: processing the following file failed:
     'geofi_joining_attribute_data.Rmd'
    
    Error: Vignette re-building failed.
    Execution halted
Flavor: r-oldrel-windows-ix86+x86_64