CRAN Package Check Results for Package geneticae

Last updated on 2022-11-30 10:51:39 CET.

Flavor Version Tinstall Tcheck Ttotal Status Flags
r-devel-linux-x86_64-debian-clang 0.4.0 13.59 173.66 187.25 OK
r-devel-linux-x86_64-debian-gcc 0.4.0 10.61 128.53 139.14 OK
r-devel-linux-x86_64-fedora-clang 0.4.0 237.14 NOTE
r-devel-linux-x86_64-fedora-gcc 0.4.0 241.01 NOTE
r-devel-windows-x86_64 0.4.0 33.00 195.00 228.00 OK
r-patched-linux-x86_64 0.4.0 14.09 164.56 178.65 OK
r-release-linux-x86_64 0.4.0 11.07 168.14 179.21 OK
r-release-macos-arm64 0.4.0 37.00 NOTE
r-release-macos-x86_64 0.4.0 69.00 NOTE
r-release-windows-x86_64 0.4.0 29.00 208.00 237.00 OK
r-oldrel-macos-arm64 0.4.0 42.00 NOTE
r-oldrel-macos-x86_64 0.4.0 71.00 NOTE
r-oldrel-windows-ix86+x86_64 0.4.0 40.00 185.00 225.00 OK

Check Details

Version: 0.4.0
Check: dependencies in R code
Result: NOTE
    Namespaces in Imports field not imported from:
     ‘GGEBiplots’ ‘calibrate’ ‘graphics’ ‘matrixStats’ ‘prettydoc’
     ‘reshape2’
     All declared Imports should be used.
Flavors: r-devel-linux-x86_64-fedora-clang, r-devel-linux-x86_64-fedora-gcc, r-release-macos-arm64, r-release-macos-x86_64, r-oldrel-macos-arm64, r-oldrel-macos-x86_64