Last updated on 2023-01-31 10:52:11 CET.
Flavor | Version | Tinstall | Tcheck | Ttotal | Status | Flags |
---|---|---|---|---|---|---|
r-devel-linux-x86_64-debian-clang | 0.6.0 | 4.71 | 50.49 | 55.20 | NOTE | |
r-devel-linux-x86_64-debian-gcc | 0.6.0 | 3.26 | 38.36 | 41.62 | NOTE | |
r-devel-linux-x86_64-fedora-clang | 0.6.0 | 75.75 | NOTE | |||
r-devel-linux-x86_64-fedora-gcc | 0.6.0 | 83.11 | NOTE | |||
r-devel-windows-x86_64 | 0.6.0 | 15.00 | 84.00 | 99.00 | NOTE | |
r-patched-linux-x86_64 | 0.6.0 | 4.13 | 54.59 | 58.72 | NOTE | |
r-release-linux-x86_64 | 0.6.0 | 5.22 | 55.62 | 60.84 | NOTE | |
r-release-macos-arm64 | 0.6.0 | 25.00 | NOTE | |||
r-release-macos-x86_64 | 0.6.0 | 48.00 | NOTE | |||
r-release-windows-x86_64 | 0.6.0 | 17.00 | 90.00 | 107.00 | NOTE | |
r-oldrel-macos-arm64 | 0.6.0 | 28.00 | NOTE | |||
r-oldrel-macos-x86_64 | 0.6.0 | 34.00 | NOTE | |||
r-oldrel-windows-ix86+x86_64 | 0.6.0 | 13.00 | 81.00 | 94.00 | NOTE |
Version: 0.6.0
Check: package dependencies
Result: NOTE
Package suggested but not available for checking: ‘genderdata’
Flavors: r-devel-linux-x86_64-debian-clang, r-devel-linux-x86_64-debian-gcc, r-devel-linux-x86_64-fedora-clang, r-devel-linux-x86_64-fedora-gcc, r-devel-windows-x86_64, r-patched-linux-x86_64, r-release-linux-x86_64, r-release-macos-arm64, r-release-macos-x86_64, r-release-windows-x86_64, r-oldrel-macos-arm64, r-oldrel-macos-x86_64, r-oldrel-windows-ix86+x86_64