Last updated on 2024-05-07 10:55:59 CEST.
Flavor | Version | Tinstall | Tcheck | Ttotal | Status | Flags |
---|---|---|---|---|---|---|
r-devel-linux-x86_64-debian-clang | 1.5.11 | 76.49 | 446.84 | 523.33 | OK | |
r-devel-linux-x86_64-debian-gcc | 1.5.11 | 57.46 | 314.88 | 372.34 | OK | |
r-devel-linux-x86_64-fedora-clang | 1.5.11 | 678.28 | NOTE | |||
r-devel-linux-x86_64-fedora-gcc | 1.5.11 | 834.37 | OK | |||
r-devel-windows-x86_64 | 1.5.11 | 57.00 | 287.00 | 344.00 | NOTE | |
r-patched-linux-x86_64 | 1.5.11 | 78.62 | 419.93 | 498.55 | OK | |
r-release-linux-x86_64 | 1.5.11 | 68.11 | 415.91 | 484.02 | OK | |
r-release-macos-arm64 | 1.5.11 | 143.00 | NOTE | |||
r-release-windows-x86_64 | 1.5.11 | 56.00 | 283.00 | 339.00 | NOTE | |
r-oldrel-macos-arm64 | 1.5.11 | 152.00 | NOTE | |||
r-oldrel-macos-x86_64 | 1.5.11 | 581.00 | NOTE | |||
r-oldrel-windows-x86_64 | 1.5.11 | 77.00 | 392.00 | 469.00 | NOTE |
Version: 1.5.11
Check: installed package size
Result: NOTE
installed size is 5.7Mb
sub-directories of 1Mb or more:
doc 1.5Mb
extdata 3.5Mb
Flavors: r-devel-linux-x86_64-fedora-clang, r-devel-windows-x86_64, r-release-macos-arm64, r-release-windows-x86_64, r-oldrel-macos-arm64, r-oldrel-macos-x86_64, r-oldrel-windows-x86_64