Last updated on 2024-05-11 09:51:20 CEST.
Flavor | Version | Tinstall | Tcheck | Ttotal | Status | Flags |
---|---|---|---|---|---|---|
r-devel-linux-x86_64-debian-clang | 1.2.1 | 3.58 | 30.25 | 33.83 | NOTE | |
r-devel-linux-x86_64-debian-gcc | 1.2.1 | 2.69 | 23.01 | 25.70 | NOTE | |
r-devel-linux-x86_64-fedora-clang | 1.2.1 | 45.34 | NOTE | |||
r-devel-linux-x86_64-fedora-gcc | 1.2.1 | 59.77 | NOTE | |||
r-devel-windows-x86_64 | 1.2.1 | 7.00 | 47.00 | 54.00 | NOTE | |
r-patched-linux-x86_64 | 1.2.1 | 2.75 | 28.92 | 31.67 | NOTE | |
r-release-linux-x86_64 | 1.2.1 | 2.82 | 27.94 | 30.76 | NOTE | |
r-release-macos-arm64 | 1.2.1 | 24.00 | NOTE | |||
r-release-windows-x86_64 | 1.2.1 | 5.00 | 46.00 | 51.00 | NOTE | |
r-oldrel-macos-arm64 | 1.2.1 | 21.00 | OK | |||
r-oldrel-macos-x86_64 | 1.2.1 | 35.00 | OK | |||
r-oldrel-windows-x86_64 | 1.2.1 | 5.00 | 46.00 | 51.00 | OK |
Version: 1.2.1
Check: Rd files
Result: NOTE
checkRd: (-1) gelnet.logreg.obj.Rd:17: Lost braces; missing escapes or markup?
17 | \item{y}{n-by-1 binary response vector sampled from {0,1}}
| ^
Flavors: r-devel-linux-x86_64-debian-clang, r-devel-linux-x86_64-debian-gcc, r-devel-linux-x86_64-fedora-clang, r-devel-linux-x86_64-fedora-gcc, r-devel-windows-x86_64, r-patched-linux-x86_64, r-release-linux-x86_64, r-release-macos-arm64, r-release-windows-x86_64
Version: 1.2.1
Check: compiled code
Result: NOTE
File ‘gelnet/libs/gelnet.so’:
Found no calls to: ‘R_registerRoutines’, ‘R_useDynamicSymbols’
It is good practice to register native routines and to disable symbol
search.
See ‘Writing portable packages’ in the ‘Writing R Extensions’ manual.
Flavors: r-devel-linux-x86_64-fedora-clang, r-devel-linux-x86_64-fedora-gcc