Last updated on 2023-02-05 09:57:19 CET.
Flavor | Version | Tinstall | Tcheck | Ttotal | Status | Flags |
---|---|---|---|---|---|---|
r-devel-linux-x86_64-debian-clang | 0.2.0 | 3.67 | 74.87 | 78.54 | OK | |
r-devel-linux-x86_64-debian-gcc | 0.2.0 | 2.70 | 58.11 | 60.81 | OK | |
r-devel-linux-x86_64-fedora-clang | 0.2.0 | 104.02 | NOTE | |||
r-devel-linux-x86_64-fedora-gcc | 0.2.0 | 105.59 | NOTE | |||
r-devel-windows-x86_64 | 0.2.0 | 29.00 | 444.00 | 473.00 | OK | |
r-patched-linux-x86_64 | 0.2.0 | 3.99 | 72.56 | 76.55 | OK | |
r-release-linux-x86_64 | 0.2.0 | 3.69 | 76.88 | 80.57 | OK | |
r-release-macos-arm64 | 0.2.0 | 227.00 | NOTE | |||
r-release-macos-x86_64 | 0.2.0 | 266.00 | NOTE | |||
r-release-windows-x86_64 | 0.2.0 | 33.00 | 377.00 | 410.00 | OK | |
r-oldrel-macos-arm64 | 0.2.0 | 226.00 | NOTE | |||
r-oldrel-macos-x86_64 | 0.2.0 | 239.00 | NOTE | |||
r-oldrel-windows-ix86+x86_64 | 0.2.0 | 8.00 | 422.00 | 430.00 | OK |
Version: 0.2.0
Check: dependencies in R code
Result: NOTE
Namespaces in Imports field not imported from:
‘knitr’ ‘lifecycle’
All declared Imports should be used.
Flavors: r-devel-linux-x86_64-fedora-clang, r-devel-linux-x86_64-fedora-gcc, r-release-macos-arm64, r-release-macos-x86_64, r-oldrel-macos-arm64, r-oldrel-macos-x86_64