CRAN Package Check Results for Package gapfill

Last updated on 2022-01-17 09:55:58 CET.

Flavor Version Tinstall Tcheck Ttotal Status Flags
r-devel-linux-x86_64-debian-clang 0.9.6-1 30.18 177.43 207.61 OK
r-devel-linux-x86_64-debian-gcc 0.9.6-1 23.43 133.17 156.60 OK
r-devel-linux-x86_64-fedora-clang 0.9.6-1 261.37 OK
r-devel-linux-x86_64-fedora-gcc 0.9.6-1 237.90 OK
r-devel-windows-x86_64-new-UL 0.9.6-1 52.00 205.00 257.00 OK
r-devel-windows-x86_64-new-TK 0.9.6-1 OK
r-patched-linux-x86_64 0.9.6-1 29.74 166.36 196.10 OK
r-release-linux-x86_64 0.9.6-1 OK
r-release-macos-arm64 0.9.6-1 NOTE
r-release-macos-x86_64 0.9.6-1 NOTE
r-release-windows-ix86+x86_64 0.9.6-1 78.00 289.00 367.00 OK
r-oldrel-macos-x86_64 0.9.6-1 NOTE
r-oldrel-windows-ix86+x86_64 0.9.6-1 77.00 287.00 364.00 OK

Check Details

Version: 0.9.6-1
Check: package dependencies
Result: NOTE
    Package which this enhances but not available for checking: ‘doMPI’
Flavors: r-release-macos-arm64, r-release-macos-x86_64, r-oldrel-macos-x86_64