CRAN Package Check Results for Package gap

Last updated on 2020-08-05 10:05:58 CEST.

Flavor Version Tinstall Tcheck Ttotal Status Flags
r-devel-linux-x86_64-debian-clang 1.2.2 20.82 108.23 129.05 OK
r-devel-linux-x86_64-debian-gcc 1.2.2 17.60 79.52 97.12 OK
r-devel-linux-x86_64-fedora-clang 1.2.2 165.22 NOTE
r-devel-linux-x86_64-fedora-gcc 1.2.2 153.90 OK
r-devel-windows-ix86+x86_64 1.2.2 64.00 153.00 217.00 OK
r-patched-linux-x86_64 1.2.2 19.19 106.44 125.63 OK
r-patched-solaris-x86 1.2.2 169.10 OK
r-release-linux-x86_64 1.2.2 19.96 105.08 125.04 OK
r-release-macos-x86_64 1.2.2 OK
r-release-windows-ix86+x86_64 1.2.2 64.00 107.00 171.00 OK
r-oldrel-macos-x86_64 1.2.2 OK
r-oldrel-windows-ix86+x86_64 1.2.2 53.00 104.00 157.00 OK

Check Details

Version: 1.2.2
Check: Rd cross-references
Result: NOTE
    Undeclared package ‘genetics’ in Rd xrefs
Flavor: r-devel-linux-x86_64-fedora-clang