Last updated on 2024-05-20 09:49:14 CEST.
Flavor | Version | Tinstall | Tcheck | Ttotal | Status | Flags |
---|---|---|---|---|---|---|
r-devel-linux-x86_64-debian-clang | 3.0.2 | 88.90 | 78.37 | 167.27 | OK | |
r-devel-linux-x86_64-debian-gcc | 3.0.2 | 69.53 | 57.71 | 127.24 | OK | |
r-devel-linux-x86_64-fedora-clang | 3.0.2 | 218.54 | OK | |||
r-devel-linux-x86_64-fedora-gcc | 3.0.2 | 234.70 | OK | |||
r-devel-windows-x86_64 | 3.0.2 | 74.00 | 103.00 | 177.00 | OK | |
r-patched-linux-x86_64 | 3.0.2 | 87.22 | 74.44 | 161.66 | OK | |
r-release-linux-x86_64 | 3.0.2 | 91.64 | 76.05 | 167.69 | OK | |
r-release-macos-arm64 | 3.0.2 | 61.00 | NOTE | |||
r-release-macos-x86_64 | 3.0.2 | 128.00 | NOTE | |||
r-release-windows-x86_64 | 3.0.2 | 70.00 | 101.00 | 171.00 | OK | |
r-oldrel-macos-arm64 | 3.0.2 | 63.00 | NOTE | |||
r-oldrel-macos-x86_64 | 3.0.2 | 114.00 | NOTE | |||
r-oldrel-windows-x86_64 | 3.0.2 | 69.00 | 121.00 | 190.00 | OK |
Version: 3.0.2
Check: installed package size
Result: NOTE
installed size is 6.6Mb
sub-directories of 1Mb or more:
libs 6.1Mb
Flavors: r-release-macos-arm64, r-release-macos-x86_64, r-oldrel-macos-arm64, r-oldrel-macos-x86_64