Last updated on 2024-04-23 10:54:03 CEST.
Flavor | Version | Tinstall | Tcheck | Ttotal | Status | Flags |
---|---|---|---|---|---|---|
r-devel-linux-x86_64-debian-clang | 1.0-1 | 7.18 | 87.09 | 94.27 | OK | |
r-devel-linux-x86_64-debian-gcc | 1.0-1 | 7.26 | 63.28 | 70.54 | OK | |
r-devel-linux-x86_64-fedora-clang | 1.0-1 | 115.54 | NOTE | |||
r-devel-linux-x86_64-fedora-gcc | 1.0-1 | 111.54 | OK | |||
r-prerel-macos-arm64 | 1.0-1 | 34.00 | OK | |||
r-prerel-windows-x86_64 | 1.0-1 | 9.00 | 77.00 | 86.00 | OK | |
r-patched-linux-x86_64 | 1.0-1 | 7.56 | 81.99 | 89.55 | OK | |
r-release-linux-x86_64 | 1.0-1 | 7.36 | 84.84 | 92.20 | OK | |
r-release-macos-arm64 | 1.0-1 | 38.00 | OK | |||
r-release-macos-x86_64 | 1.0-1 | 63.00 | OK | |||
r-release-windows-x86_64 | 1.0-1 | 11.00 | 92.00 | 103.00 | OK | |
r-oldrel-macos-arm64 | 1.0-1 | 37.00 | OK | |||
r-oldrel-windows-x86_64 | 1.0-1 | 11.00 | 100.00 | 111.00 | OK |
Version: 1.0-1
Check: Rd cross-references
Result: NOTE
Undeclared packages ‘gamlss.dist’, ‘gamlss.add’ in Rd xrefs
Flavor: r-devel-linux-x86_64-fedora-clang